CRAN Package Check Results for Package bgumbel

Last updated on 2025-10-22 05:51:00 CEST.

Flavor Version Tinstall Tcheck Ttotal Status Flags
r-devel-linux-x86_64-debian-clang 0.0.3 7.56 75.67 83.23 NOTE
r-devel-linux-x86_64-debian-gcc 0.0.3 5.50 54.61 60.11 NOTE
r-devel-linux-x86_64-fedora-clang 0.0.3 27.00 103.94 130.94 OK
r-devel-linux-x86_64-fedora-gcc 0.0.3 14.00 105.32 119.32 OK
r-devel-windows-x86_64 0.0.3 9.00 81.00 90.00 OK
r-patched-linux-x86_64 0.0.3 6.88 70.87 77.75 OK
r-release-linux-x86_64 0.0.3 7.61 71.15 78.76 OK
r-release-macos-arm64 0.0.3 4.00 42.00 46.00 OK
r-release-macos-x86_64 0.0.3 6.00 68.00 74.00 OK
r-release-windows-x86_64 0.0.3 9.00 82.00 91.00 OK
r-oldrel-macos-arm64 0.0.3 3.00 33.00 36.00 OK
r-oldrel-macos-x86_64 0.0.3 5.00 50.00 55.00 OK
r-oldrel-windows-x86_64 0.0.3 11.00 104.00 115.00 OK

Check Details

Version: 0.0.3
Check: DESCRIPTION meta-information
Result: NOTE Author field differs from that derived from Authors@R Author: ‘Pedro C. Brom [aut, cre, cph] (<https://orcid.org/0000-0002-1288-7695>, http://lattes.cnpq.br/0154064396756002), Cira E. G. Otiniano [aut, cph] (<https://orcid.org/0000-0002-5619-0478>, http://lattes.cnpq.br/0307717595727716), Roberto Vila [aut, cph] (<https://orcid.org/0000-0003-1073-0114>, http://lattes.cnpq.br/4978745622057574), Marcelo B. Pereira [aut, cph] (<https://orcid.org/0000-0002-1182-5193>, https://lattes.cnpq.br/9358366674842900)’ Authors@R: ‘Pedro C. Brom [aut, cre, cph] (ORCID: <https://orcid.org/0000-0002-1288-7695>, Lattes: http://lattes.cnpq.br/0154064396756002), Cira E. G. Otiniano [aut, cph] (ORCID: <https://orcid.org/0000-0002-5619-0478>, Lattes: http://lattes.cnpq.br/0307717595727716), Roberto Vila [aut, cph] (ORCID: <https://orcid.org/0000-0003-1073-0114>, Lattes: http://lattes.cnpq.br/4978745622057574), Marcelo B. Pereira [aut, cph] (ORCID: <https://orcid.org/0000-0002-1182-5193>, Lattes: https://lattes.cnpq.br/9358366674842900)’ Flavors: r-devel-linux-x86_64-debian-clang, r-devel-linux-x86_64-debian-gcc