CRAN Package Check Results for Package bigmds

Last updated on 2025-10-22 05:51:00 CEST.

Flavor Version Tinstall Tcheck Ttotal Status Flags
r-devel-linux-x86_64-debian-clang 3.0.0 2.41 32.87 35.28 NOTE
r-devel-linux-x86_64-debian-gcc 3.0.0 1.76 26.14 27.90 NOTE
r-devel-linux-x86_64-fedora-clang 3.0.0 11.00 41.37 52.37 OK
r-devel-linux-x86_64-fedora-gcc 3.0.0 49.38 OK
r-devel-windows-x86_64 3.0.0 3.00 54.00 57.00 OK
r-patched-linux-x86_64 3.0.0 2.37 30.34 32.71 OK
r-release-linux-x86_64 3.0.0 2.37 30.45 32.82 OK
r-release-macos-arm64 3.0.0 1.00 21.00 22.00 OK
r-release-macos-x86_64 3.0.0 3.00 41.00 44.00 OK
r-release-windows-x86_64 3.0.0 3.00 57.00 60.00 OK
r-oldrel-macos-arm64 3.0.0 1.00 23.00 24.00 OK
r-oldrel-macos-x86_64 3.0.0 3.00 34.00 37.00 OK
r-oldrel-windows-x86_64 3.0.0 4.00 64.00 68.00 OK

Check Details

Version: 3.0.0
Check: CRAN incoming feasibility
Result: NOTE Maintainer: ‘Cristian Pachón García <cc.pachon@gmail.com>’ The Description field contains proposed by Delicado P. and C. Pachón-García (2021) <arXiv:2007.11919> (2021) <arXiv:2007.11919> (original proposal). - Fast MDS, proposed by Please refer to arXiv e-prints via their arXiv DOI <doi:10.48550/arXiv.YYMM.NNNNN>. Flavors: r-devel-linux-x86_64-debian-clang, r-devel-linux-x86_64-debian-gcc