Last updated on 2025-10-22 05:51:00 CEST.
Flavor | Version | Tinstall | Tcheck | Ttotal | Status | Flags |
---|---|---|---|---|---|---|
r-devel-linux-x86_64-debian-clang | 1.6.1 | 15.53 | 79.14 | 94.67 | NOTE | |
r-devel-linux-x86_64-debian-gcc | 1.6.1 | 11.73 | 55.25 | 66.98 | NOTE | |
r-devel-linux-x86_64-fedora-clang | 1.6.1 | 40.00 | 109.42 | 149.42 | OK | |
r-devel-linux-x86_64-fedora-gcc | 1.6.1 | 37.00 | 104.55 | 141.55 | OK | |
r-devel-windows-x86_64 | 1.6.1 | 23.00 | 99.00 | 122.00 | OK | |
r-patched-linux-x86_64 | 1.6.1 | 17.45 | 73.06 | 90.51 | OK | |
r-release-linux-x86_64 | 1.6.1 | 17.91 | 72.21 | 90.12 | OK | |
r-release-macos-arm64 | 1.6.1 | 9.00 | 34.00 | 43.00 | OK | |
r-release-macos-x86_64 | 1.6.1 | 39.00 | 104.00 | 143.00 | OK | |
r-release-windows-x86_64 | 1.6.1 | 22.00 | 101.00 | 123.00 | OK | |
r-oldrel-macos-arm64 | 1.6.1 | 8.00 | 42.00 | 50.00 | OK | |
r-oldrel-macos-x86_64 | 1.6.1 | 27.00 | 106.00 | 133.00 | OK | |
r-oldrel-windows-x86_64 | 1.6.1 | 27.00 | 127.00 | 154.00 | OK |
Version: 1.6.1
Check: HTML version of manual
Result: NOTE
Found the following HTML validation problems:
DBI.html:328:1 (DBI.Rd:257): Warning: missing </ul> before </div>
collect.tbl_BigQueryConnection.html:96:1 (collect.tbl_BigQueryConnection.Rd:45): Warning: missing </ul> before </div>
Flavors: r-devel-linux-x86_64-debian-clang, r-devel-linux-x86_64-debian-gcc