Last updated on 2025-10-22 05:51:00 CEST.
Flavor | Version | Tinstall | Tcheck | Ttotal | Status | Flags |
---|---|---|---|---|---|---|
r-devel-linux-x86_64-debian-clang | 0.7.3 | 50.15 | 68.07 | 118.22 | NOTE | |
r-devel-linux-x86_64-debian-gcc | 0.7.3 | 36.45 | 51.67 | 88.12 | NOTE | |
r-devel-linux-x86_64-fedora-clang | 0.7.3 | 210.00 | 4.64 | 214.64 | OK | |
r-devel-linux-x86_64-fedora-gcc | 0.7.3 | 118.00 | 75.26 | 193.26 | OK | |
r-devel-windows-x86_64 | 0.7.3 | 83.00 | 95.00 | 178.00 | OK | |
r-patched-linux-x86_64 | 0.7.3 | 52.54 | 64.95 | 117.49 | OK | |
r-release-linux-x86_64 | 0.7.3 | 53.27 | 65.08 | 118.35 | OK | |
r-release-macos-arm64 | 0.7.3 | 23.00 | 38.00 | 61.00 | OK | |
r-release-macos-x86_64 | 0.7.3 | 20.00 | 59.00 | 79.00 | OK | |
r-release-windows-x86_64 | 0.7.3 | 84.00 | 94.00 | 178.00 | OK | |
r-oldrel-macos-arm64 | 0.7.3 | 21.00 | 32.00 | 53.00 | OK | |
r-oldrel-macos-x86_64 | 0.7.3 | 22.00 | 74.00 | 96.00 | OK | |
r-oldrel-windows-x86_64 | 0.7.3 | 98.00 | 123.00 | 221.00 | OK |
Version: 0.7.3
Check: HTML version of manual
Result: NOTE
Found the following HTML validation problems:
SFBM-methods.html:59:1 (SFBM-methods.Rd:22): Warning: missing </ul> before </div>
Flavors: r-devel-linux-x86_64-debian-clang, r-devel-linux-x86_64-debian-gcc