Last updated on 2025-10-24 04:50:46 CEST.
| Flavor | Version | Tinstall | Tcheck | Ttotal | Status | Flags |
|---|---|---|---|---|---|---|
| r-devel-linux-x86_64-debian-clang | 0.0-7 | 2.36 | 27.91 | 30.27 | NOTE | |
| r-devel-linux-x86_64-debian-gcc | 0.0-7 | 1.84 | 20.88 | 22.72 | NOTE | |
| r-devel-linux-x86_64-fedora-clang | 0.0-7 | 10.00 | 37.11 | 47.11 | OK | |
| r-devel-linux-x86_64-fedora-gcc | 0.0-7 | 43.67 | OK | |||
| r-devel-windows-x86_64 | 0.0-7 | 3.00 | 45.00 | 48.00 | OK | |
| r-patched-linux-x86_64 | 0.0-7 | 2.92 | 25.97 | 28.89 | OK | |
| r-release-linux-x86_64 | 0.0-7 | 2.57 | 26.55 | 29.12 | OK | |
| r-release-macos-arm64 | 0.0-7 | 1.00 | 17.00 | 18.00 | OK | |
| r-release-macos-x86_64 | 0.0-7 | 4.00 | 41.00 | 45.00 | OK | |
| r-release-windows-x86_64 | 0.0-7 | 3.00 | 48.00 | 51.00 | OK | |
| r-oldrel-macos-arm64 | 0.0-7 | 1.00 | 18.00 | 19.00 | OK | |
| r-oldrel-macos-x86_64 | 0.0-7 | 2.00 | 23.00 | 25.00 | OK | |
| r-oldrel-windows-x86_64 | 0.0-7 | 5.00 | 53.00 | 58.00 | OK |
Version: 0.0-7
Check: CRAN incoming feasibility
Result: NOTE
Maintainer: ‘Frank Schaarschmidt <schaarschmidt@biostat.uni-hannover.de>’
No Authors@R field in DESCRIPTION.
Please add one, modifying
Authors@R: person(given = "Frank",
family = "Schaarschmidt",
role = c("aut", "cre"),
email = "schaarschmidt@biostat.uni-hannover.de")
as necessary.
Flavors: r-devel-linux-x86_64-debian-clang, r-devel-linux-x86_64-debian-gcc