Last updated on 2025-10-22 05:51:00 CEST.
Flavor | Version | Tinstall | Tcheck | Ttotal | Status | Flags |
---|---|---|---|---|---|---|
r-devel-linux-x86_64-debian-clang | 0.2.3 | 18.11 | 25.52 | 43.63 | NOTE | |
r-devel-linux-x86_64-debian-gcc | 0.2.3 | 12.61 | 20.86 | 33.47 | NOTE | |
r-devel-linux-x86_64-fedora-clang | 0.2.3 | 61.00 | 15.14 | 76.14 | OK | |
r-devel-linux-x86_64-fedora-gcc | 0.2.3 | 37.00 | 31.46 | 68.46 | OK | |
r-devel-windows-x86_64 | 0.2.3 | 23.00 | 64.00 | 87.00 | OK | |
r-patched-linux-x86_64 | 0.2.3 | 18.15 | 23.28 | 41.43 | OK | |
r-release-linux-x86_64 | 0.2.3 | 18.61 | 23.28 | 41.89 | OK | |
r-release-macos-arm64 | 0.2.3 | 8.00 | 19.00 | 27.00 | OK | |
r-release-macos-x86_64 | 0.2.3 | 10.00 | 26.00 | 36.00 | OK | |
r-release-windows-x86_64 | 0.2.3 | 24.00 | 62.00 | 86.00 | OK | |
r-oldrel-macos-arm64 | 0.2.3 | 9.00 | 16.00 | 25.00 | OK | |
r-oldrel-macos-x86_64 | 0.2.3 | 9.00 | 23.00 | 32.00 | OK | |
r-oldrel-windows-x86_64 | 0.2.3 | 27.00 | 75.00 | 102.00 | OK |
Version: 0.2.3
Check: HTML version of manual
Result: NOTE
Found the following HTML validation problems:
init_logging.html:48:1 (init_logging.Rd:11): Warning: missing </ul> before </div>
Flavors: r-devel-linux-x86_64-debian-clang, r-devel-linux-x86_64-debian-gcc