Last updated on 2025-10-24 04:50:46 CEST.
| Flavor | Version | Tinstall | Tcheck | Ttotal | Status | Flags |
|---|---|---|---|---|---|---|
| r-devel-linux-x86_64-debian-clang | 1.2.1 | 1.80 | 24.11 | 25.91 | NOTE | |
| r-devel-linux-x86_64-debian-gcc | 1.2.1 | 1.33 | 19.17 | 20.50 | NOTE | |
| r-devel-linux-x86_64-fedora-clang | 1.2.1 | 40.55 | OK | |||
| r-devel-linux-x86_64-fedora-gcc | 1.2.1 | 52.12 | OK | |||
| r-devel-windows-x86_64 | 1.2.1 | 4.00 | 49.00 | 53.00 | OK | |
| r-patched-linux-x86_64 | 1.2.1 | 1.73 | 22.37 | 24.10 | OK | |
| r-release-linux-x86_64 | 1.2.1 | 1.86 | 22.39 | 24.25 | OK | |
| r-release-macos-arm64 | 1.2.1 | 1.00 | 41.00 | 42.00 | OK | |
| r-release-macos-x86_64 | 1.2.1 | 3.00 | 75.00 | 78.00 | OK | |
| r-release-windows-x86_64 | 1.2.1 | 4.00 | 50.00 | 54.00 | OK | |
| r-oldrel-macos-arm64 | 1.2.1 | 1.00 | 35.00 | 36.00 | OK | |
| r-oldrel-macos-x86_64 | 1.2.1 | 2.00 | 40.00 | 42.00 | OK | |
| r-oldrel-windows-x86_64 | 1.2.1 | 3.00 | 56.00 | 59.00 | OK |
Version: 1.2.1
Check: CRAN incoming feasibility
Result: NOTE
Maintainer: ‘Marcelo Ponce <m.ponce@utoronto.ca>’
No Authors@R field in DESCRIPTION.
Please add one, modifying
Authors@R: person(given = "Marcelo",
family = "Ponce",
role = c("aut", "cre"),
email = "m.ponce@utoronto.ca")
as necessary.
Flavors: r-devel-linux-x86_64-debian-clang, r-devel-linux-x86_64-debian-gcc
Version: 1.2.1
Check: HTML version of manual
Result: NOTE
Found the following HTML validation problems:
checkDate.html:46:1 (checkDate.Rd:10): Warning: missing </ul> before </div>
Flavor: r-devel-linux-x86_64-debian-clang