Last updated on 2025-10-22 05:51:00 CEST.
Flavor | Version | Tinstall | Tcheck | Ttotal | Status | Flags |
---|---|---|---|---|---|---|
r-devel-linux-x86_64-debian-clang | 1.3.0 | 8.87 | 103.46 | 112.33 | NOTE | |
r-devel-linux-x86_64-debian-gcc | 1.3.0 | 6.20 | 72.97 | 79.17 | NOTE | |
r-devel-linux-x86_64-fedora-clang | 1.3.0 | 39.00 | 139.36 | 178.36 | OK | |
r-devel-linux-x86_64-fedora-gcc | 1.3.0 | 17.00 | 156.94 | 173.94 | OK | |
r-devel-windows-x86_64 | 1.3.0 | 10.00 | 110.00 | 120.00 | OK | |
r-patched-linux-x86_64 | 1.3.0 | 8.98 | 95.36 | 104.34 | OK | |
r-release-linux-x86_64 | 1.3.0 | 7.12 | 95.61 | 102.73 | OK | |
r-release-macos-arm64 | 1.3.0 | 3.00 | 45.00 | 48.00 | OK | |
r-release-macos-x86_64 | 1.3.0 | 7.00 | 85.00 | 92.00 | OK | |
r-release-windows-x86_64 | 1.3.0 | 12.00 | 111.00 | 123.00 | OK | |
r-oldrel-macos-arm64 | 1.3.0 | 3.00 | 47.00 | 50.00 | OK | |
r-oldrel-macos-x86_64 | 1.3.0 | 14.00 | 93.00 | 107.00 | OK | |
r-oldrel-windows-x86_64 | 1.3.0 | 16.00 | 138.00 | 154.00 | OK |
Version: 1.3.0
Check: HTML version of manual
Result: NOTE
Found the following HTML validation problems:
Geeraerd_iso.html:65:1 (Geeraerd_iso.Rd:18): Warning: missing </ul> before </div>
check_model_params.html:82:1 (check_model_params.Rd:25): Warning: missing </ul> before </div>
goodness_MCMC.html:46:1 (goodness_MCMC.Rd:10): Warning: missing </ul> before </div>
goodness_dyna.html:46:1 (goodness_dyna.Rd:10): Warning: missing </ul> before </div>
goodness_iso.html:46:1 (goodness_iso.Rd:10): Warning: missing </ul> before </div>
goodness_of_fit.html:75:1 (goodness_of_fit.Rd:10): Warning: missing </ul> before </div>
plot.IsoFitInactivation.html:63:1 (plot.IsoFitInactivation.Rd:18): Warning: missing </ul> before </div>
summary.FitInactivation.html:51:1 (summary.FitInactivation.Rd:12): Warning: missing </ul> before </div>
summary.FitInactivationMCMC.html:51:1 (summary.FitInactivationMCMC.Rd:12): Warning: missing </ul> before </div>
summary.IsoFitInactivation.html:51:1 (summary.IsoFitInactivation.Rd:12): Warning: missing </ul> before </div>
Flavors: r-devel-linux-x86_64-debian-clang, r-devel-linux-x86_64-debian-gcc