Last updated on 2025-10-24 04:50:46 CEST.
| Flavor | Version | Tinstall | Tcheck | Ttotal | Status | Flags |
|---|---|---|---|---|---|---|
| r-devel-linux-x86_64-debian-clang | 1.2.0 | 33.60 | 202.82 | 236.42 | OK | |
| r-devel-linux-x86_64-debian-gcc | 1.2.0 | 22.89 | 141.10 | 163.99 | OK | |
| r-devel-linux-x86_64-fedora-clang | 1.2.0 | 86.00 | 287.94 | 373.94 | OK | |
| r-devel-linux-x86_64-fedora-gcc | 1.2.0 | 71.00 | 302.85 | 373.85 | OK | |
| r-devel-windows-x86_64 | 1.2.0 | 37.00 | 204.00 | 241.00 | OK | |
| r-patched-linux-x86_64 | 1.2.0 | 35.58 | 195.95 | 231.53 | OK | |
| r-release-linux-x86_64 | 1.2.0 | 30.30 | 196.29 | 226.59 | OK | |
| r-release-macos-arm64 | 1.2.0 | 14.00 | 72.00 | 86.00 | OK | |
| r-release-macos-x86_64 | 1.2.0 | 27.00 | 136.00 | 163.00 | OK | |
| r-release-windows-x86_64 | 1.2.0 | 41.00 | 208.00 | 249.00 | OK | |
| r-oldrel-macos-arm64 | 1.2.0 | 14.00 | 77.00 | 91.00 | NOTE | |
| r-oldrel-macos-x86_64 | 1.2.0 | 33.00 | 150.00 | 183.00 | NOTE | |
| r-oldrel-windows-x86_64 | 1.2.0 | 54.00 | 270.00 | 324.00 | NOTE |
Version: 1.2.0
Check: installed package size
Result: NOTE
installed size is 6.0Mb
sub-directories of 1Mb or more:
data 1.7Mb
help 2.4Mb
Flavors: r-oldrel-macos-arm64, r-oldrel-macos-x86_64, r-oldrel-windows-x86_64