Last updated on 2025-10-22 05:51:00 CEST.
Flavor | Version | Tinstall | Tcheck | Ttotal | Status | Flags |
---|---|---|---|---|---|---|
r-devel-linux-x86_64-debian-clang | 0.2.3 | 7.33 | 62.35 | 69.68 | NOTE | |
r-devel-linux-x86_64-debian-gcc | 0.2.3 | 5.19 | 48.86 | 54.05 | NOTE | |
r-devel-linux-x86_64-fedora-clang | 0.2.3 | 14.00 | 91.19 | 105.19 | OK | |
r-devel-linux-x86_64-fedora-gcc | 0.2.3 | 16.00 | 84.36 | 100.36 | OK | |
r-devel-windows-x86_64 | 0.2.3 | 9.00 | 76.00 | 85.00 | OK | |
r-patched-linux-x86_64 | 0.2.3 | 8.03 | 61.10 | 69.13 | OK | |
r-release-linux-x86_64 | 0.2.3 | 6.27 | 61.12 | 67.39 | OK | |
r-release-macos-arm64 | 0.2.3 | 4.00 | 32.00 | 36.00 | OK | |
r-release-macos-x86_64 | 0.2.3 | 9.00 | 75.00 | 84.00 | OK | |
r-release-windows-x86_64 | 0.2.3 | 9.00 | 77.00 | 86.00 | OK | |
r-oldrel-macos-arm64 | 0.2.3 | 3.00 | 34.00 | 37.00 | NOTE | |
r-oldrel-macos-x86_64 | 0.2.3 | 6.00 | 69.00 | 75.00 | NOTE | |
r-oldrel-windows-x86_64 | 0.2.3 | 12.00 | 96.00 | 108.00 | NOTE |
Version: 0.2.3
Check: HTML version of manual
Result: NOTE
Found the following HTML validation problems:
smoothHaz.html:116:1 (smoothHaz.Rd:52): Warning: missing </ul> before </div>
Flavors: r-devel-linux-x86_64-debian-clang, r-devel-linux-x86_64-debian-gcc
Version: 0.2.3
Check: installed package size
Result: NOTE
installed size is 7.9Mb
sub-directories of 1Mb or more:
doc 7.3Mb
Flavors: r-oldrel-macos-arm64, r-oldrel-macos-x86_64, r-oldrel-windows-x86_64