Last updated on 2025-10-24 04:50:47 CEST.
| Flavor | Version | Tinstall | Tcheck | Ttotal | Status | Flags |
|---|---|---|---|---|---|---|
| r-devel-linux-x86_64-debian-clang | 1.6 | 31.65 | 260.23 | 291.88 | NOTE | |
| r-devel-linux-x86_64-debian-gcc | 1.6 | 21.97 | 164.18 | 186.15 | NOTE | |
| r-devel-linux-x86_64-fedora-clang | 1.6 | 143.00 | 346.34 | 489.34 | OK | |
| r-devel-linux-x86_64-fedora-gcc | 1.6 | 69.00 | 369.59 | 438.59 | OK | |
| r-devel-windows-x86_64 | 1.6 | 29.00 | 204.00 | 233.00 | OK | |
| r-patched-linux-x86_64 | 1.6 | 31.66 | 248.78 | 280.44 | OK | |
| r-release-linux-x86_64 | 1.6 | 31.44 | 250.77 | 282.21 | OK | |
| r-release-macos-arm64 | 1.6 | 13.00 | 91.00 | 104.00 | OK | |
| r-release-macos-x86_64 | 1.6 | 27.00 | 206.00 | 233.00 | OK | |
| r-release-windows-x86_64 | 1.6 | 28.00 | 194.00 | 222.00 | OK | |
| r-oldrel-macos-arm64 | 1.6 | 13.00 | 84.00 | 97.00 | OK | |
| r-oldrel-macos-x86_64 | 1.6 | 20.00 | 141.00 | 161.00 | OK | |
| r-oldrel-windows-x86_64 | 1.6 | 38.00 | 274.00 | 312.00 | OK |
Version: 1.6
Check: CRAN incoming feasibility
Result: NOTE
Maintainer: ‘Fraenzi Korner-Nievergelt <fraenzi.korner@vogelwarte.ch>’
No Authors@R field in DESCRIPTION.
Please add one, modifying
Authors@R: c(person(given = "Fraenzi",
family = "Korner-Nievergelt",
role = c("aut", "cre"),
email = "fraenzi.korner@vogelwarte.ch"),
person(given = "Rob",
family = "Robinson",
role = "aut"))
as necessary.
Flavors: r-devel-linux-x86_64-debian-clang, r-devel-linux-x86_64-debian-gcc