Last updated on 2025-10-24 04:50:47 CEST.
| Flavor | Version | Tinstall | Tcheck | Ttotal | Status | Flags |
|---|---|---|---|---|---|---|
| r-devel-linux-x86_64-debian-clang | 1.1 | 2.62 | 28.69 | 31.31 | OK | |
| r-devel-linux-x86_64-debian-gcc | 1.1 | 1.89 | 23.22 | 25.11 | NOTE | |
| r-devel-linux-x86_64-fedora-clang | 1.1 | 19.00 | 30.52 | 49.52 | OK | |
| r-devel-linux-x86_64-fedora-gcc | 1.1 | 45.85 | OK | |||
| r-devel-windows-x86_64 | 1.1 | 4.00 | 45.00 | 49.00 | OK | |
| r-patched-linux-x86_64 | 1.1 | 2.93 | 27.64 | 30.57 | OK | |
| r-release-linux-x86_64 | 1.1 | 2.66 | 27.55 | 30.21 | OK | |
| r-release-macos-arm64 | 1.1 | 2.00 | 27.00 | 29.00 | OK | |
| r-release-macos-x86_64 | 1.1 | 5.00 | 35.00 | 40.00 | OK | |
| r-release-windows-x86_64 | 1.1 | 4.00 | 48.00 | 52.00 | OK | |
| r-oldrel-macos-arm64 | 1.1 | 1.00 | 21.00 | 22.00 | OK | |
| r-oldrel-macos-x86_64 | 1.1 | 4.00 | 56.00 | 60.00 | OK | |
| r-oldrel-windows-x86_64 | 1.1 | 6.00 | 49.00 | 55.00 | OK |
Version: 1.1
Check: Rd files
Result: NOTE
checkRd: (-1) bivpois-package.Rd:11-17: Only 3 columns allowed in this table (row 1 has 2)
checkRd: (-1) bivpois-package.Rd:11-17: Only 3 columns allowed in this table (row 2 has 2)
checkRd: (-1) bivpois-package.Rd:11-17: Only 3 columns allowed in this table (row 3 has 2)
checkRd: (-1) bivpois-package.Rd:11-17: Only 3 columns allowed in this table (row 4 has 2)
checkRd: (-1) bivpois-package.Rd:11-17: Only 3 columns allowed in this table (row 5 has 2)
Flavor: r-devel-linux-x86_64-debian-gcc