Last updated on 2025-10-22 05:51:00 CEST.
| Flavor | Version | Tinstall | Tcheck | Ttotal | Status | Flags |
|---|---|---|---|---|---|---|
| r-devel-linux-x86_64-debian-clang | 0.6.0 | 15.30 | 85.34 | 100.64 | OK | |
| r-devel-linux-x86_64-debian-gcc | 0.6.0 | 11.12 | 61.82 | 72.94 | OK | |
| r-devel-linux-x86_64-fedora-clang | 0.6.0 | 75.00 | 87.19 | 162.19 | NOTE | |
| r-devel-linux-x86_64-fedora-gcc | 0.6.0 | 34.00 | 126.34 | 160.34 | NOTE | |
| r-devel-windows-x86_64 | 0.6.0 | 18.00 | 96.00 | 114.00 | OK | |
| r-patched-linux-x86_64 | 0.6.0 | 14.71 | 80.01 | 94.72 | OK | |
| r-release-linux-x86_64 | 0.6.0 | 15.51 | 80.36 | 95.87 | OK | |
| r-release-macos-arm64 | 0.6.0 | 7.00 | 66.00 | 73.00 | OK | |
| r-release-macos-x86_64 | 0.6.0 | 13.00 | 80.00 | 93.00 | OK | |
| r-release-windows-x86_64 | 0.6.0 | 19.00 | 99.00 | 118.00 | OK | |
| r-oldrel-macos-arm64 | 0.6.0 | 6.00 | 55.00 | 61.00 | OK | |
| r-oldrel-macos-x86_64 | 0.6.0 | 21.00 | 118.00 | 139.00 | OK | |
| r-oldrel-windows-x86_64 | 0.6.0 | 25.00 | 119.00 | 144.00 | OK |
Version: 0.6.0
Check: dependencies in R code
Result: NOTE
Namespaces in Imports field not imported from:
‘knitr’ ‘markdown’
All declared Imports should be used.
Flavors: r-devel-linux-x86_64-fedora-clang, r-devel-linux-x86_64-fedora-gcc