Last updated on 2025-10-24 04:50:47 CEST.
| Flavor | Version | Tinstall | Tcheck | Ttotal | Status | Flags |
|---|---|---|---|---|---|---|
| r-devel-linux-x86_64-debian-clang | 0.1.0 | 9.99 | 133.33 | 143.32 | OK | |
| r-devel-linux-x86_64-debian-gcc | 0.1.0 | 6.59 | 92.23 | 98.82 | OK | |
| r-devel-linux-x86_64-fedora-clang | 0.1.0 | 41.00 | 188.84 | 229.84 | OK | |
| r-devel-linux-x86_64-fedora-gcc | 0.1.0 | 22.00 | 206.72 | 228.72 | OK | |
| r-devel-windows-x86_64 | 0.1.0 | 14.00 | 143.00 | 157.00 | OK | |
| r-patched-linux-x86_64 | 0.1.0 | 11.84 | 124.49 | 136.33 | OK | |
| r-release-linux-x86_64 | 0.1.0 | 9.51 | 123.68 | 133.19 | OK | |
| r-release-macos-arm64 | 0.1.0 | 4.00 | 52.00 | 56.00 | OK | |
| r-release-macos-x86_64 | 0.1.0 | 8.00 | 95.00 | 103.00 | OK | |
| r-release-windows-x86_64 | 0.1.0 | 13.00 | 148.00 | 161.00 | OK | |
| r-oldrel-macos-arm64 | 0.1.0 | 3.00 | 39.00 | 42.00 | NOTE | |
| r-oldrel-macos-x86_64 | 0.1.0 | 9.00 | 101.00 | 110.00 | NOTE | |
| r-oldrel-windows-x86_64 | 0.1.0 | 19.00 | 179.00 | 198.00 | NOTE |
Version: 0.1.0
Check: installed package size
Result: NOTE
installed size is 10.7Mb
sub-directories of 1Mb or more:
doc 9.9Mb
Flavors: r-oldrel-macos-arm64, r-oldrel-macos-x86_64, r-oldrel-windows-x86_64