Last updated on 2025-07-21 08:49:58 CEST.
Flavor | Version | Tinstall | Tcheck | Ttotal | Status | Flags |
---|---|---|---|---|---|---|
r-devel-linux-x86_64-debian-clang | 0.1.1 | 6.72 | 90.20 | 96.92 | NOTE | |
r-devel-linux-x86_64-debian-gcc | 0.1.1 | 4.71 | 66.22 | 70.93 | NOTE | |
r-devel-linux-x86_64-fedora-clang | 0.1.1 | 147.15 | NOTE | |||
r-devel-linux-x86_64-fedora-gcc | 0.1.1 | 141.26 | NOTE | |||
r-devel-windows-x86_64 | 0.1.1 | 10.00 | 99.00 | 109.00 | NOTE | |
r-patched-linux-x86_64 | 0.1.1 | 5.85 | 81.89 | 87.74 | NOTE | |
r-release-linux-x86_64 | 0.1.1 | 5.66 | 84.19 | 89.85 | NOTE | |
r-release-macos-arm64 | 0.1.1 | 54.00 | NOTE | |||
r-release-macos-x86_64 | 0.1.1 | 84.00 | NOTE | |||
r-release-windows-x86_64 | 0.1.1 | 8.00 | 96.00 | 104.00 | NOTE | |
r-oldrel-macos-arm64 | 0.1.1 | 50.00 | NOTE | |||
r-oldrel-macos-x86_64 | 0.1.1 | 69.00 | NOTE | |||
r-oldrel-windows-x86_64 | 0.1.1 | 10.00 | 129.00 | 139.00 | NOTE |
Version: 0.1.1
Check: Rd files
Result: NOTE
checkRd: (-1) estimate_density.Rd:25: Lost braces; missing escapes or markup?
25 | evenly spaced points between \code{min} and {max}.
| ^
Flavors: r-devel-linux-x86_64-debian-clang, r-devel-linux-x86_64-debian-gcc, r-devel-linux-x86_64-fedora-clang, r-devel-linux-x86_64-fedora-gcc, r-devel-windows-x86_64, r-patched-linux-x86_64, r-release-linux-x86_64, r-release-macos-arm64, r-release-macos-x86_64, r-release-windows-x86_64, r-oldrel-macos-arm64, r-oldrel-macos-x86_64, r-oldrel-windows-x86_64