CRAN Package Check Results for Package bmabasket

Last updated on 2025-07-19 08:48:29 CEST.

Flavor Version Tinstall Tcheck Ttotal Status Flags
r-devel-linux-x86_64-debian-clang 0.1.2 34.35 26.94 61.29 NOTE
r-devel-linux-x86_64-debian-gcc 0.1.2 23.45 22.02 45.47 NOTE
r-devel-linux-x86_64-fedora-clang 0.1.2 103.99 NOTE
r-devel-linux-x86_64-fedora-gcc 0.1.2 97.78 NOTE
r-devel-windows-x86_64 0.1.2 37.00 67.00 104.00 NOTE
r-patched-linux-x86_64 0.1.2 33.59 24.70 58.29 NOTE
r-release-linux-x86_64 0.1.2 34.26 24.89 59.15 NOTE
r-release-macos-arm64 0.1.2 34.00 NOTE
r-release-macos-x86_64 0.1.2 52.00 NOTE
r-release-windows-x86_64 0.1.2 36.00 66.00 102.00 NOTE
r-oldrel-macos-arm64 0.1.2 30.00 NOTE
r-oldrel-macos-x86_64 0.1.2 36.00 NOTE
r-oldrel-windows-x86_64 0.1.2 44.00 79.00 123.00 NOTE

Check Details

Version: 0.1.2
Check: C++ specification
Result: NOTE Specified C++11: please drop specification unless essential Flavors: r-devel-linux-x86_64-debian-clang, r-devel-linux-x86_64-debian-gcc, r-devel-linux-x86_64-fedora-clang, r-devel-linux-x86_64-fedora-gcc, r-devel-windows-x86_64, r-patched-linux-x86_64, r-release-linux-x86_64, r-release-macos-arm64, r-release-macos-x86_64, r-release-windows-x86_64, r-oldrel-macos-arm64, r-oldrel-macos-x86_64, r-oldrel-windows-x86_64