Last updated on 2025-10-24 04:50:47 CEST.
| Flavor | Version | Tinstall | Tcheck | Ttotal | Status | Flags |
|---|---|---|---|---|---|---|
| r-devel-linux-x86_64-debian-clang | 1.7 | 9.20 | 31.58 | 40.78 | NOTE | |
| r-devel-linux-x86_64-debian-gcc | 1.7 | 5.95 | 24.74 | 30.69 | NOTE | |
| r-devel-linux-x86_64-fedora-clang | 1.7 | 64.00 | 6.12 | 70.12 | OK | |
| r-devel-linux-x86_64-fedora-gcc | 1.7 | 21.00 | 35.60 | 56.60 | OK | |
| r-devel-windows-x86_64 | 1.7 | 14.00 | 53.00 | 67.00 | OK | |
| r-patched-linux-x86_64 | 1.7 | 7.46 | 28.89 | 36.35 | OK | |
| r-release-linux-x86_64 | 1.7 | 8.58 | 28.72 | 37.30 | OK | |
| r-release-macos-arm64 | 1.7 | 6.00 | 20.00 | 26.00 | OK | |
| r-release-macos-x86_64 | 1.7 | 7.00 | 27.00 | 34.00 | OK | |
| r-release-windows-x86_64 | 1.7 | 15.00 | 58.00 | 73.00 | OK | |
| r-oldrel-macos-arm64 | 1.7 | 5.00 | 16.00 | 21.00 | OK | |
| r-oldrel-macos-x86_64 | 1.7 | 6.00 | 24.00 | 30.00 | OK | |
| r-oldrel-windows-x86_64 | 1.7 | 17.00 | 68.00 | 85.00 | OK |
Version: 1.7
Check: CRAN incoming feasibility
Result: NOTE
Maintainer: ‘Reza Mohammadi <a.mohammadi@uva.nl>’
Package CITATION file contains call(s) to old-style personList() or
as.personList(). Please use c() on person objects instead.
Package CITATION file contains call(s) to old-style citEntry(). Please
use bibentry() instead.
Flavors: r-devel-linux-x86_64-debian-clang, r-devel-linux-x86_64-debian-gcc