Last updated on 2025-10-22 05:51:01 CEST.
Flavor | Version | Tinstall | Tcheck | Ttotal | Status | Flags |
---|---|---|---|---|---|---|
r-devel-linux-x86_64-debian-clang | 0.8.2 | 497.95 | 568.01 | 1065.96 | NOTE | |
r-devel-linux-x86_64-debian-gcc | 0.8.2 | 345.76 | 399.62 | 745.38 | NOTE | |
r-devel-linux-x86_64-fedora-clang | 0.8.2 | 2040.00 | -157.98 | 1882.02 | OK | |
r-devel-linux-x86_64-fedora-gcc | 0.8.2 | 1380.00 | 656.76 | 2036.76 | OK | |
r-devel-windows-x86_64 | 0.8.2 | 504.00 | 519.00 | 1023.00 | OK | |
r-patched-linux-x86_64 | 0.8.2 | 547.16 | 587.12 | 1134.28 | OK | |
r-release-linux-x86_64 | 0.8.2 | 556.12 | 586.69 | 1142.81 | OK | |
r-release-macos-arm64 | 0.8.2 | 200.00 | 195.00 | 395.00 | OK | |
r-release-macos-x86_64 | 0.8.2 | 141.00 | 207.00 | 348.00 | OK | |
r-release-windows-x86_64 | 0.8.2 | 517.00 | 519.00 | 1036.00 | OK | |
r-oldrel-macos-arm64 | 0.8.2 | 153.00 | 118.00 | 271.00 | NOTE | |
r-oldrel-macos-x86_64 | 0.8.2 | 159.00 | 226.00 | 385.00 | NOTE | |
r-oldrel-windows-x86_64 | 0.8.2 | 561.00 | 686.00 | 1247.00 | NOTE |
Version: 0.8.2
Check: HTML version of manual
Result: NOTE
Found the following HTML validation problems:
resid.bmstdr.html:51:1 (resid.bmstdr.Rd:12): Warning: missing </ul> before </div>
Flavors: r-devel-linux-x86_64-debian-clang, r-devel-linux-x86_64-debian-gcc
Version: 0.8.2
Check: package dependencies
Result: NOTE
Package suggested but not available for checking: ‘INLA’
Flavors: r-oldrel-macos-arm64, r-oldrel-macos-x86_64
Version: 0.8.2
Check: installed package size
Result: NOTE
installed size is 106.2Mb
sub-directories of 1Mb or more:
libs 102.8Mb
Flavors: r-oldrel-macos-arm64, r-oldrel-macos-x86_64, r-oldrel-windows-x86_64
Version: 0.8.2
Check: for GNU extensions in Makefiles
Result: NOTE
GNU make is a SystemRequirements.
Flavors: r-oldrel-macos-arm64, r-oldrel-macos-x86_64, r-oldrel-windows-x86_64