CRAN Package Check Results for Package bnpsd

Last updated on 2025-10-22 05:51:01 CEST.

Flavor Version Tinstall Tcheck Ttotal Status Flags
r-devel-linux-x86_64-debian-clang 1.3.13 2.93 53.88 56.81 NOTE
r-devel-linux-x86_64-debian-gcc 1.3.13 2.24 40.72 42.96 NOTE
r-devel-linux-x86_64-fedora-clang 1.3.13 12.00 72.12 84.12 OK
r-devel-linux-x86_64-fedora-gcc 1.3.13 94.69 OK
r-devel-windows-x86_64 1.3.13 4.00 72.00 76.00 OK
r-patched-linux-x86_64 1.3.13 2.95 49.95 52.90 OK
r-release-linux-x86_64 1.3.13 3.04 50.35 53.39 OK
r-release-macos-arm64 1.3.13 1.00 44.00 45.00 OK
r-release-macos-x86_64 1.3.13 4.00 63.00 67.00 OK
r-release-windows-x86_64 1.3.13 5.00 74.00 79.00 OK
r-oldrel-macos-arm64 1.3.13 2.00 32.00 34.00 OK
r-oldrel-macos-x86_64 1.3.13 3.00 57.00 60.00 OK
r-oldrel-windows-x86_64 1.3.13 5.00 84.00 89.00 OK

Check Details

Version: 1.3.13
Check: CRAN incoming feasibility
Result: NOTE Maintainer: ‘Alejandro Ochoa <alejandro.ochoa@duke.edu>’ Package CITATION file contains call(s) to old-style personList() or as.personList(). Please use c() on person objects instead. Flavors: r-devel-linux-x86_64-debian-clang, r-devel-linux-x86_64-debian-gcc