Last updated on 2025-10-22 05:51:01 CEST.
Flavor | Version | Tinstall | Tcheck | Ttotal | Status | Flags |
---|---|---|---|---|---|---|
r-devel-linux-x86_64-debian-clang | 0.45 | 5.41 | 58.54 | 63.95 | NOTE | |
r-devel-linux-x86_64-debian-gcc | 0.45 | 3.87 | 43.94 | 47.81 | NOTE | |
r-devel-linux-x86_64-fedora-clang | 0.45 | 25.00 | 77.50 | 102.50 | OK | |
r-devel-linux-x86_64-fedora-gcc | 0.45 | 12.00 | 96.92 | 108.92 | OK | |
r-devel-windows-x86_64 | 0.45 | 8.00 | 74.00 | 82.00 | OK | |
r-patched-linux-x86_64 | 0.45 | 5.36 | 54.40 | 59.76 | OK | |
r-release-linux-x86_64 | 0.45 | 5.21 | 54.56 | 59.77 | OK | |
r-release-macos-arm64 | 0.45 | 3.00 | 43.00 | 46.00 | OK | |
r-release-macos-x86_64 | 0.45 | 6.00 | 64.00 | 70.00 | OK | |
r-release-windows-x86_64 | 0.45 | 9.00 | 77.00 | 86.00 | OK | |
r-oldrel-macos-arm64 | 0.45 | 2.00 | 47.00 | 49.00 | OK | |
r-oldrel-macos-x86_64 | 0.45 | 5.00 | 68.00 | 73.00 | OK | |
r-oldrel-windows-x86_64 | 0.45 | 10.00 | 88.00 | 98.00 | OK |
Version: 0.45
Check: HTML version of manual
Result: NOTE
Found the following HTML validation problems:
bookdown_site.html:50:1 (bookdown_site.Rd:12): Warning: missing </ul> before </div>
bs4_book.html:100:1 (bs4_book.Rd:50): Warning: missing </ul> before </div>
clean_book.html:56:1 (clean_book.Rd:15): Warning: missing </ul> before </div>
gitbook.html:119:1 (gitbook.Rd:68): Warning: missing </ul> before </div>
publish_book.html:86:1 (publish_book.Rd:35): Warning: missing </ul> before </div>
Flavors: r-devel-linux-x86_64-debian-clang, r-devel-linux-x86_64-debian-gcc