CRAN Package Check Results for Package bootComb

Last updated on 2025-10-22 05:51:01 CEST.

Flavor Version Tinstall Tcheck Ttotal Status Flags
r-devel-linux-x86_64-debian-clang 1.1.2 2.28 28.75 31.03 NOTE
r-devel-linux-x86_64-debian-gcc 1.1.2 1.71 22.68 24.39 NOTE
r-devel-linux-x86_64-fedora-clang 1.1.2 47.48 OK
r-devel-linux-x86_64-fedora-gcc 1.1.2 43.19 OK
r-devel-windows-x86_64 1.1.2 3.00 49.00 52.00 OK
r-patched-linux-x86_64 1.1.2 2.83 26.48 29.31 OK
r-release-linux-x86_64 1.1.2 2.07 26.29 28.36 OK
r-release-macos-arm64 1.1.2 1.00 20.00 21.00 OK
r-release-macos-x86_64 1.1.2 3.00 45.00 48.00 OK
r-release-windows-x86_64 1.1.2 3.00 51.00 54.00 OK
r-oldrel-macos-arm64 1.1.2 1.00 21.00 22.00 OK
r-oldrel-macos-x86_64 1.1.2 3.00 41.00 44.00 OK
r-oldrel-windows-x86_64 1.1.2 4.00 55.00 59.00 OK

Check Details

Version: 1.1.2
Check: CRAN incoming feasibility
Result: NOTE Maintainer: ‘Marc Henrion <mhenrion@mlw.mw>’ Package CITATION file contains call(s) to old-style personList() or as.personList(). Please use c() on person objects instead. Package CITATION file contains call(s) to old-style citEntry(). Please use bibentry() instead. Flavors: r-devel-linux-x86_64-debian-clang, r-devel-linux-x86_64-debian-gcc