Last updated on 2025-10-22 05:51:01 CEST.
Flavor | Version | Tinstall | Tcheck | Ttotal | Status | Flags |
---|---|---|---|---|---|---|
r-devel-linux-x86_64-debian-clang | 0.4.2 | 14.27 | 114.67 | 128.94 | NOTE | |
r-devel-linux-x86_64-debian-gcc | 0.4.2 | 9.85 | 77.92 | 87.77 | NOTE | |
r-devel-linux-x86_64-fedora-clang | 0.4.2 | 59.00 | 148.50 | 207.50 | OK | |
r-devel-linux-x86_64-fedora-gcc | 0.4.2 | 32.00 | 155.73 | 187.73 | OK | |
r-devel-windows-x86_64 | 0.4.2 | 16.00 | 112.00 | 128.00 | OK | |
r-patched-linux-x86_64 | 0.4.2 | 15.10 | 106.56 | 121.66 | OK | |
r-release-linux-x86_64 | 0.4.2 | 12.52 | 106.14 | 118.66 | OK | |
r-release-macos-arm64 | 0.4.2 | 6.00 | 42.00 | 48.00 | OK | |
r-release-macos-x86_64 | 0.4.2 | 18.00 | 104.00 | 122.00 | OK | |
r-release-windows-x86_64 | 0.4.2 | 14.00 | 113.00 | 127.00 | OK | |
r-oldrel-macos-arm64 | 0.4.2 | 5.00 | 46.00 | 51.00 | OK | |
r-oldrel-macos-x86_64 | 0.4.2 | 12.00 | 90.00 | 102.00 | OK | |
r-oldrel-windows-x86_64 | 0.4.2 | 21.00 | 145.00 | 166.00 | OK |
Version: 0.4.2
Check: HTML version of manual
Result: NOTE
Found the following HTML validation problems:
compare_moc_results.html:54:1 (compare_moc_results.Rd:14): Warning: missing </ul> before </div>
plot_moc_results.html:73:1 (plot_moc_results.Rd:27): Warning: missing </ul> before </div>
Flavors: r-devel-linux-x86_64-debian-clang, r-devel-linux-x86_64-debian-gcc