Last updated on 2025-10-22 05:51:01 CEST.
Flavor | Version | Tinstall | Tcheck | Ttotal | Status | Flags |
---|---|---|---|---|---|---|
r-devel-linux-x86_64-debian-clang | 0.4.1 | 7.96 | 116.83 | 124.79 | NOTE | |
r-devel-linux-x86_64-debian-gcc | 0.4.1 | 5.67 | 82.74 | 88.41 | NOTE | |
r-devel-linux-x86_64-fedora-clang | 0.4.1 | 34.00 | 168.76 | 202.76 | OK | |
r-devel-linux-x86_64-fedora-gcc | 0.4.1 | 17.00 | 184.51 | 201.51 | OK | |
r-devel-windows-x86_64 | 0.4.1 | 9.00 | 113.00 | 122.00 | OK | |
r-patched-linux-x86_64 | 0.4.1 | 7.61 | 109.44 | 117.05 | OK | |
r-release-linux-x86_64 | 0.4.1 | 6.45 | 109.04 | 115.49 | OK | |
r-release-macos-arm64 | 0.4.1 | 5.00 | 75.00 | 80.00 | OK | |
r-release-macos-x86_64 | 0.4.1 | 6.00 | 105.00 | 111.00 | OK | |
r-release-windows-x86_64 | 0.4.1 | 11.00 | 115.00 | 126.00 | OK | |
r-oldrel-macos-arm64 | 0.4.1 | 3.00 | 48.00 | 51.00 | OK | |
r-oldrel-macos-x86_64 | 0.4.1 | 5.00 | 75.00 | 80.00 | OK | |
r-oldrel-windows-x86_64 | 0.4.1 | 13.00 | 144.00 | 157.00 | OK |
Version: 0.4.1
Check: CRAN incoming feasibility
Result: NOTE
Maintainer: ‘Zhengguo Xu <zhengguoxu@gmail.com>’
Package CITATION file contains call(s) to old-style personList() or
as.personList(). Please use c() on person objects instead.
Package CITATION file contains call(s) to old-style citEntry(). Please
use bibentry() instead.
Flavors: r-devel-linux-x86_64-debian-clang, r-devel-linux-x86_64-debian-gcc
Version: 0.4.1
Check: HTML version of manual
Result: NOTE
Found the following HTML validation problems:
helper.html:128:1 (helper.Rd:75): Warning: missing </ul> before </div>
Flavors: r-devel-linux-x86_64-debian-clang, r-devel-linux-x86_64-debian-gcc