CRAN Package Check Results for Package bpDir

Last updated on 2025-07-22 08:48:27 CEST.

Flavor Version Tinstall Tcheck Ttotal Status Flags
r-devel-linux-x86_64-debian-clang 0.1.2 4.01 26.75 30.76 NOTE
r-devel-linux-x86_64-debian-gcc 0.1.2 3.15 20.78 23.93 NOTE
r-devel-linux-x86_64-fedora-clang 0.1.2 48.39 OK
r-devel-linux-x86_64-fedora-gcc 0.1.2 45.83 OK
r-devel-windows-x86_64 0.1.2 4.00 44.00 48.00 OK
r-patched-linux-x86_64 0.1.2 3.48 25.60 29.08 OK
r-release-linux-x86_64 0.1.2 3.06 25.51 28.57 OK
r-release-macos-arm64 0.1.2 18.00 OK
r-release-macos-x86_64 0.1.2 47.00 OK
r-release-windows-x86_64 0.1.2 6.00 46.00 52.00 OK
r-oldrel-macos-arm64 0.1.2 22.00 OK
r-oldrel-macos-x86_64 0.1.2 38.00 OK
r-oldrel-windows-x86_64 0.1.2 5.00 50.00 55.00 OK

Check Details

Version: 0.1.2
Check: CRAN incoming feasibility
Result: NOTE Maintainer: ‘Davide Buttarazzi <davidebuttarazzi@outlook.com>’ No Authors@R field in DESCRIPTION. Please add one, modifying Authors@R: person(given = "Davide", family = "Buttarazzi", role = c("aut", "cre"), email = "davidebuttarazzi@outlook.com") as necessary. Flavors: r-devel-linux-x86_64-debian-clang, r-devel-linux-x86_64-debian-gcc