CRAN Package Check Results for Package bpmnVisualizationR

Last updated on 2025-10-22 05:51:01 CEST.

Flavor Version Tinstall Tcheck Ttotal Status Flags
r-devel-linux-x86_64-debian-clang 0.5.0 2.33 31.63 33.96 NOTE
r-devel-linux-x86_64-debian-gcc 0.5.0 2.03 24.77 26.80 NOTE
r-devel-linux-x86_64-fedora-clang 0.5.0 13.00 39.69 52.69 OK
r-devel-linux-x86_64-fedora-gcc 0.5.0 48.48 OK
r-devel-windows-x86_64 0.5.0 5.00 56.00 61.00 OK
r-patched-linux-x86_64 0.5.0 2.58 30.31 32.89 OK
r-release-linux-x86_64 0.5.0 2.24 30.31 32.55 OK
r-release-macos-arm64 0.5.0 2.00 24.00 26.00 OK
r-release-macos-x86_64 0.5.0 2.00 31.00 33.00 OK
r-release-windows-x86_64 0.5.0 5.00 56.00 61.00 OK
r-oldrel-macos-arm64 0.5.0 2.00 20.00 22.00 OK
r-oldrel-macos-x86_64 0.5.0 2.00 27.00 29.00 OK
r-oldrel-windows-x86_64 0.5.0 6.00 67.00 73.00 OK

Check Details

Version: 0.5.0
Check: HTML version of manual
Result: NOTE Found the following HTML validation problems: create_element_style.html:180:1 (create_element_style.Rd:90): Warning: missing </ul> before </div> Flavors: r-devel-linux-x86_64-debian-clang, r-devel-linux-x86_64-debian-gcc