Last updated on 2025-07-27 08:48:24 CEST.
Flavor | Version | Tinstall | Tcheck | Ttotal | Status | Flags |
---|---|---|---|---|---|---|
r-devel-linux-x86_64-debian-clang | 4.8.4 | 32.46 | 582.70 | 615.16 | NOTE | |
r-devel-linux-x86_64-debian-gcc | 4.8.4 | 19.13 | 373.98 | 393.11 | NOTE | |
r-devel-linux-x86_64-fedora-clang | 4.8.4 | 953.34 | OK | |||
r-devel-linux-x86_64-fedora-gcc | 4.8.4 | 943.61 | OK | |||
r-devel-windows-x86_64 | 4.8.4 | 35.00 | 564.00 | 599.00 | OK | |
r-patched-linux-x86_64 | 4.8.4 | 31.06 | 553.05 | 584.11 | OK | |
r-release-linux-x86_64 | 4.8.4 | 33.20 | 556.44 | 589.64 | OK | |
r-release-macos-arm64 | 4.8.4 | 272.00 | OK | |||
r-release-macos-x86_64 | 4.8.4 | 532.00 | OK | |||
r-release-windows-x86_64 | 4.8.4 | 33.00 | 517.00 | 550.00 | OK | |
r-oldrel-macos-arm64 | 4.8.4 | 268.00 | OK | |||
r-oldrel-macos-x86_64 | 4.8.4 | 550.00 | OK | |||
r-oldrel-windows-x86_64 | 4.8.4 | 44.00 | 748.00 | 792.00 | OK |
Version: 4.8.4
Check: CRAN incoming feasibility
Result: NOTE
Maintainer: ‘Amy D Willis <adwillis@uw.edu>’
The Description field contains
<doi:10.1111/rssc.12206>, and Willis (2016) <arXiv:1604.02598>, as well
Please refer to arXiv e-prints via their arXiv DOI <doi:10.48550/arXiv.YYMM.NNNNN>.
Flavors: r-devel-linux-x86_64-debian-clang, r-devel-linux-x86_64-debian-gcc