CRAN Package Check Results for Package brms.mmrm

Last updated on 2025-07-21 08:49:58 CEST.

Flavor Version Tinstall Tcheck Ttotal Status Flags
r-devel-linux-x86_64-debian-clang 1.1.1 36.08 425.30 461.38 NOTE
r-devel-linux-x86_64-debian-gcc 1.1.1 28.54 272.83 301.37 NOTE
r-devel-linux-x86_64-fedora-clang 1.1.1 721.70 NOTE
r-devel-linux-x86_64-fedora-gcc 1.1.1 719.15 NOTE
r-devel-windows-x86_64 1.1.1 29.00 347.00 376.00 NOTE
r-patched-linux-x86_64 1.1.1 35.63 401.81 437.44 NOTE
r-release-linux-x86_64 1.1.1 34.12 404.35 438.47 NOTE
r-release-macos-arm64 1.1.1 194.00 NOTE
r-release-macos-x86_64 1.1.1 432.00 NOTE
r-release-windows-x86_64 1.1.1 30.00 346.00 376.00 NOTE
r-oldrel-macos-arm64 1.1.1 140.00 OK
r-oldrel-macos-x86_64 1.1.1 310.00 OK
r-oldrel-windows-x86_64 1.1.1 39.00 521.00 560.00 OK

Check Details

Version: 1.1.1
Check: DESCRIPTION meta-information
Result: NOTE Missing dependency on R >= 4.1.0 because package code uses the pipe |> or function shorthand \(...) syntax added in R 4.1.0. File(s) using such syntax: ‘brm_archetype_average_cells.Rd’ ‘brm_archetype_average_effects.Rd’ ‘brm_archetype_cells.Rd’ ‘brm_archetype_effects.Rd’ ‘brm_archetype_successive_cells.Rd’ ‘brm_archetype_successive_effects.Rd’ ‘brm_formula.Rd’ ‘brm_prior_archetype.Rd’ ‘brm_prior_label.Rd’ ‘brm_prior_template.Rd’ ‘brm_recenter_nuisance.Rd’ ‘summary.brms_mmrm_archetype.Rd’ ‘utils_archetype.R’ Flavors: r-devel-linux-x86_64-debian-clang, r-devel-linux-x86_64-debian-gcc, r-devel-linux-x86_64-fedora-clang, r-devel-linux-x86_64-fedora-gcc, r-devel-windows-x86_64, r-patched-linux-x86_64, r-release-linux-x86_64, r-release-macos-arm64, r-release-windows-x86_64

Version: 1.1.1
Check: DESCRIPTION meta-information
Result: NOTE Missing dependency on R >= 4.1.0 because package code uses the pipe |> or function shorthand \(...) syntax added in R 4.1.0. File(s) using such syntax: ‘utils_archetype.R’ Flavor: r-release-macos-x86_64