Last updated on 2025-10-24 04:50:47 CEST.
| Flavor | Version | Tinstall | Tcheck | Ttotal | Status | Flags |
|---|---|---|---|---|---|---|
| r-devel-linux-x86_64-debian-clang | 0.6.0 | 23.12 | 190.68 | 213.80 | OK | |
| r-devel-linux-x86_64-debian-gcc | 0.6.0 | 17.11 | 139.79 | 156.90 | OK | |
| r-devel-linux-x86_64-fedora-clang | 0.6.0 | 127.00 | 233.73 | 360.73 | OK | |
| r-devel-linux-x86_64-fedora-gcc | 0.6.0 | 51.00 | 277.99 | 328.99 | OK | |
| r-devel-windows-x86_64 | 0.6.0 | 18.00 | 125.00 | 143.00 | OK | |
| r-patched-linux-x86_64 | 0.6.0 | 20.57 | 183.53 | 204.10 | OK | |
| r-release-linux-x86_64 | 0.6.0 | 23.89 | 186.58 | 210.47 | OK | |
| r-release-macos-arm64 | 0.6.0 | 5.00 | 42.00 | 47.00 | OK | |
| r-release-macos-x86_64 | 0.6.0 | 14.00 | 75.00 | 89.00 | OK | |
| r-release-windows-x86_64 | 0.6.0 | 16.00 | 125.00 | 141.00 | OK | |
| r-oldrel-macos-arm64 | 0.6.0 | 5.00 | 45.00 | 50.00 | OK | |
| r-oldrel-macos-x86_64 | 0.6.0 | 10.00 | 87.00 | 97.00 | OK | |
| r-oldrel-windows-x86_64 | 0.6.0 | 29.00 | 202.00 | 231.00 | WARN |
Version: 0.6.0
Check: whether package can be installed
Result: WARN
Found the following significant warnings:
Warning: Torch libraries are installed but loading them caused a segfault.
Flavor: r-oldrel-windows-x86_64