Last updated on 2025-10-22 05:51:01 CEST.
Flavor | Version | Tinstall | Tcheck | Ttotal | Status | Flags |
---|---|---|---|---|---|---|
r-devel-linux-x86_64-debian-clang | 2.3.5 | 9.45 | 103.58 | 113.03 | NOTE | |
r-devel-linux-x86_64-debian-gcc | 2.3.5 | 6.32 | 73.16 | 79.48 | NOTE | |
r-devel-linux-x86_64-fedora-clang | 2.3.5 | 49.00 | 170.04 | 219.04 | OK | |
r-devel-linux-x86_64-fedora-gcc | 2.3.5 | 19.00 | 158.13 | 177.13 | OK | |
r-devel-windows-x86_64 | 2.3.5 | 14.00 | 131.00 | 145.00 | OK | |
r-patched-linux-x86_64 | 2.3.5 | 13.15 | 95.28 | 108.43 | OK | |
r-release-linux-x86_64 | 2.3.5 | 8.48 | 96.05 | 104.53 | OK | |
r-release-macos-arm64 | 2.3.5 | 4.00 | 52.00 | 56.00 | OK | |
r-release-macos-x86_64 | 2.3.5 | 11.00 | 117.00 | 128.00 | OK | |
r-release-windows-x86_64 | 2.3.5 | 15.00 | 132.00 | 147.00 | OK | |
r-oldrel-macos-arm64 | 2.3.5 | 6.00 | 63.00 | 69.00 | OK | |
r-oldrel-macos-x86_64 | 2.3.5 | 10.00 | 106.00 | 116.00 | OK | |
r-oldrel-windows-x86_64 | 2.3.5 | 16.00 | 153.00 | 169.00 | OK |
Version: 2.3.5
Check: HTML version of manual
Result: NOTE
Found the following HTML validation problems:
app_container.html:52:1 (app_container.Rd:14): Warning: missing </ul> before </div>
findSidebarItem.html:52:1 (findSidebarItem.Rd:13): Warning: missing </ul> before </div>
navbarDropdown.html:50:1 (navbarDropdown.Rd:12): Warning: missing </ul> before </div>
tagAssert.html:61:1 (tagAssert.Rd:19): Warning: missing </ul> before </div>
Flavors: r-devel-linux-x86_64-debian-clang, r-devel-linux-x86_64-debian-gcc