CRAN Package Check Results for Package bsam

Last updated on 2025-10-22 05:51:01 CEST.

Flavor Version Tinstall Tcheck Ttotal Status Flags
r-devel-linux-x86_64-debian-clang 1.1.3 13.46 100.98 114.44 NOTE
r-devel-linux-x86_64-debian-gcc 1.1.3 9.41 73.67 83.08 NOTE
r-devel-linux-x86_64-fedora-clang 1.1.3 58.00 142.22 200.22 NOTE
r-devel-linux-x86_64-fedora-gcc 1.1.3 26.00 133.66 159.66 NOTE
r-devel-windows-x86_64 1.1.3 15.00 98.00 113.00 OK
r-patched-linux-x86_64 1.1.3 11.91 92.10 104.01 OK
r-release-linux-x86_64 1.1.3 12.18 94.30 106.48 OK
r-release-macos-arm64 1.1.3 6.00 42.00 48.00 OK
r-release-macos-x86_64 1.1.3 9.00 66.00 75.00 OK
r-release-windows-x86_64 1.1.3 14.00 99.00 113.00 OK
r-oldrel-macos-arm64 1.1.3 5.00 45.00 50.00 OK
r-oldrel-macos-x86_64 1.1.3 14.00 58.00 72.00 OK
r-oldrel-windows-x86_64 1.1.3 19.00 128.00 147.00 OK

Check Details

Version: 1.1.3
Check: CRAN incoming feasibility
Result: NOTE Maintainer: ‘Ian Jonsen <ian.jonsen@mq.edu.au>’ Package CITATION file contains call(s) to old-style personList() or as.personList(). Please use c() on person objects instead. Package CITATION file contains call(s) to old-style citEntry(). Please use bibentry() instead. Flavors: r-devel-linux-x86_64-debian-clang, r-devel-linux-x86_64-debian-gcc

Version: 1.1.3
Check: HTML version of manual
Result: NOTE Found the following HTML validation problems: bsam-deprecated.html:51:1 (bsam-deprecated.Rd:16): Warning: missing </ul> before </div> Flavors: r-devel-linux-x86_64-debian-clang, r-devel-linux-x86_64-debian-gcc

Version: 1.1.3
Check: dependencies in R code
Result: NOTE Namespaces in Imports field not imported from: ‘rworldxtra’ ‘sp’ All declared Imports should be used. Flavors: r-devel-linux-x86_64-fedora-clang, r-devel-linux-x86_64-fedora-gcc