Last updated on 2025-10-22 05:51:01 CEST.
Flavor | Version | Tinstall | Tcheck | Ttotal | Status | Flags |
---|---|---|---|---|---|---|
r-devel-linux-x86_64-debian-clang | 1.1.2 | 2.63 | 37.91 | 40.54 | NOTE | |
r-devel-linux-x86_64-debian-gcc | 1.1.2 | 1.94 | 29.58 | 31.52 | NOTE | |
r-devel-linux-x86_64-fedora-clang | 1.1.2 | 13.00 | 53.39 | 66.39 | OK | |
r-devel-linux-x86_64-fedora-gcc | 1.1.2 | 70.49 | OK | |||
r-devel-windows-x86_64 | 1.1.2 | 5.00 | 54.00 | 59.00 | OK | |
r-patched-linux-x86_64 | 1.1.2 | 2.58 | 34.35 | 36.93 | OK | |
r-release-linux-x86_64 | 1.1.2 | 2.43 | 35.48 | 37.91 | OK | |
r-release-macos-arm64 | 1.1.2 | 1.00 | 27.00 | 28.00 | OK | |
r-release-macos-x86_64 | 1.1.2 | 2.00 | 48.00 | 50.00 | OK | |
r-release-windows-x86_64 | 1.1.2 | 5.00 | 57.00 | 62.00 | OK | |
r-oldrel-macos-arm64 | 1.1.2 | 1.00 | 31.00 | 32.00 | OK | |
r-oldrel-macos-x86_64 | 1.1.2 | 3.00 | 55.00 | 58.00 | OK | |
r-oldrel-windows-x86_64 | 1.1.2 | 6.00 | 65.00 | 71.00 | OK |
Version: 1.1.2
Check: HTML version of manual
Result: NOTE
Found the following HTML validation problems:
butterflycount.html:60:1 (butterflycount.Rd:19): Warning: missing </ul> before </div>
butterflymess.html:61:1 (butterflymess.Rd:19): Warning: missing </ul> before </div>
forestprecipitation.html:58:1 (forestprecipitation.Rd:18): Warning: missing </ul> before </div>
Flavors: r-devel-linux-x86_64-debian-clang, r-devel-linux-x86_64-debian-gcc