Last updated on 2025-10-24 04:50:47 CEST.
| Flavor | Version | Tinstall | Tcheck | Ttotal | Status | Flags |
|---|---|---|---|---|---|---|
| r-devel-linux-x86_64-debian-clang | 1.2.0 | 2.87 | 172.09 | 174.96 | NOTE | |
| r-devel-linux-x86_64-debian-gcc | 1.2.0 | 2.01 | 112.52 | 114.53 | NOTE | |
| r-devel-linux-x86_64-fedora-clang | 1.2.0 | 14.00 | 299.38 | 313.38 | NOTE | |
| r-devel-linux-x86_64-fedora-gcc | 1.2.0 | 270.59 | NOTE | |||
| r-devel-windows-x86_64 | 1.2.0 | 4.00 | 152.00 | 156.00 | NOTE | |
| r-patched-linux-x86_64 | 1.2.0 | 3.42 | 160.90 | 164.32 | NOTE | |
| r-release-linux-x86_64 | 1.2.0 | 2.99 | 163.29 | 166.28 | NOTE | |
| r-release-macos-arm64 | 1.2.0 | 2.00 | 201.00 | 203.00 | NOTE | |
| r-release-macos-x86_64 | 1.2.0 | 4.00 | 315.00 | 319.00 | NOTE | |
| r-release-windows-x86_64 | 1.2.0 | 5.00 | 154.00 | 159.00 | NOTE | |
| r-oldrel-macos-arm64 | 1.2.0 | 2.00 | 78.00 | 80.00 | NOTE | |
| r-oldrel-macos-x86_64 | 1.2.0 | 4.00 | 209.00 | 213.00 | NOTE | |
| r-oldrel-windows-x86_64 | 1.2.0 | 7.00 | 211.00 | 218.00 | NOTE |
Version: 1.2.0
Check: package subdirectories
Result: NOTE
Problems with news in ‘NEWS.md’:
No news entries found.
Flavors: r-devel-linux-x86_64-debian-clang, r-devel-linux-x86_64-debian-gcc, r-devel-linux-x86_64-fedora-clang, r-devel-linux-x86_64-fedora-gcc, r-devel-windows-x86_64, r-patched-linux-x86_64, r-release-linux-x86_64, r-release-macos-arm64, r-release-macos-x86_64, r-release-windows-x86_64, r-oldrel-macos-arm64, r-oldrel-macos-x86_64, r-oldrel-windows-x86_64