Last updated on 2025-10-22 05:51:01 CEST.
Flavor | Version | Tinstall | Tcheck | Ttotal | Status | Flags |
---|---|---|---|---|---|---|
r-devel-linux-x86_64-debian-clang | 0.2.0 | 2.11 | 32.96 | 35.07 | NOTE | |
r-devel-linux-x86_64-debian-gcc | 0.2.0 | 1.60 | 26.77 | 28.37 | NOTE | |
r-devel-linux-x86_64-fedora-clang | 0.2.0 | 50.06 | OK | |||
r-devel-linux-x86_64-fedora-gcc | 0.2.0 | 62.58 | OK | |||
r-devel-windows-x86_64 | 0.2.0 | 4.00 | 60.00 | 64.00 | OK | |
r-patched-linux-x86_64 | 0.2.0 | 2.45 | 30.64 | 33.09 | OK | |
r-release-linux-x86_64 | 0.2.0 | 2.11 | 30.14 | 32.25 | OK | |
r-release-macos-arm64 | 0.2.0 | 2.00 | 47.00 | 49.00 | OK | |
r-release-macos-x86_64 | 0.2.0 | 3.00 | 52.00 | 55.00 | OK | |
r-release-windows-x86_64 | 0.2.0 | 5.00 | 63.00 | 68.00 | OK | |
r-oldrel-macos-arm64 | 0.2.0 | 1.00 | 30.00 | 31.00 | OK | |
r-oldrel-macos-x86_64 | 0.2.0 | 3.00 | 65.00 | 68.00 | OK | |
r-oldrel-windows-x86_64 | 0.2.0 | 5.00 | 67.00 | 72.00 | OK |
Version: 0.2.0
Check: HTML version of manual
Result: NOTE
Found the following HTML validation problems:
ic_spec.html:52:1 (ic_spec.Rd:14): Warning: missing </ul> before </div>
Flavors: r-devel-linux-x86_64-debian-clang, r-devel-linux-x86_64-debian-gcc