Last updated on 2025-10-22 05:51:01 CEST.
Flavor | Version | Tinstall | Tcheck | Ttotal | Status | Flags |
---|---|---|---|---|---|---|
r-devel-linux-x86_64-debian-clang | 1.1.3 | 6.33 | 640.43 | 646.76 | NOTE | |
r-devel-linux-x86_64-debian-gcc | 1.1.3 | 3.97 | 479.44 | 483.41 | NOTE | |
r-devel-linux-x86_64-fedora-clang | 1.1.3 | 39.00 | 1005.90 | 1044.90 | OK | |
r-devel-linux-x86_64-fedora-gcc | 1.1.3 | 11.00 | 1021.87 | 1032.87 | OK | |
r-devel-windows-x86_64 | 1.1.3 | 9.00 | 596.00 | 605.00 | OK | |
r-patched-linux-x86_64 | 1.1.3 | 5.97 | 695.12 | 701.09 | OK | |
r-release-linux-x86_64 | 1.1.3 | 6.17 | 696.33 | 702.50 | OK | |
r-release-macos-arm64 | 1.1.3 | 3.00 | 326.00 | 329.00 | OK | |
r-release-macos-x86_64 | 1.1.3 | 4.00 | 543.00 | 547.00 | OK | |
r-release-windows-x86_64 | 1.1.3 | 9.00 | 586.00 | 595.00 | OK | |
r-oldrel-macos-arm64 | 1.1.3 | 3.00 | 272.00 | 275.00 | OK | |
r-oldrel-macos-x86_64 | 1.1.3 | 5.00 | 554.00 | 559.00 | OK | |
r-oldrel-windows-x86_64 | 1.1.3 | 10.00 | 816.00 | 826.00 | OK |
Version: 1.1.3
Check: HTML version of manual
Result: NOTE
Found the following HTML validation problems:
metadata.html:50:1 (metadata.Rd:12): Warning: missing </ul> before </div>
Flavors: r-devel-linux-x86_64-debian-clang, r-devel-linux-x86_64-debian-gcc