Last updated on 2025-10-22 05:51:01 CEST.
Flavor | Version | Tinstall | Tcheck | Ttotal | Status | Flags |
---|---|---|---|---|---|---|
r-devel-linux-x86_64-debian-clang | 0.9.0 | 8.55 | 364.60 | 373.15 | NOTE | |
r-devel-linux-x86_64-debian-gcc | 0.9.0 | 5.75 | 211.78 | 217.53 | NOTE | |
r-devel-linux-x86_64-fedora-clang | 0.9.0 | 14.00 | 480.52 | 494.52 | OK | |
r-devel-linux-x86_64-fedora-gcc | 0.9.0 | 17.00 | 586.15 | 603.15 | OK | |
r-devel-windows-x86_64 | 0.9.0 | 10.00 | 541.00 | 551.00 | OK | |
r-patched-linux-x86_64 | 0.9.0 | 9.13 | 338.89 | 348.02 | OK | |
r-release-linux-x86_64 | 0.9.0 | 7.36 | 342.84 | 350.20 | OK | |
r-release-macos-arm64 | 0.9.0 | 5.00 | 253.00 | 258.00 | OK | |
r-release-macos-x86_64 | 0.9.0 | 8.00 | 684.00 | 692.00 | OK | |
r-release-windows-x86_64 | 0.9.0 | 10.00 | 552.00 | 562.00 | OK | |
r-oldrel-macos-arm64 | 0.9.0 | 4.00 | 215.00 | 219.00 | OK | |
r-oldrel-macos-x86_64 | 0.9.0 | 5.00 | 356.00 | 361.00 | OK | |
r-oldrel-windows-x86_64 | 0.9.0 | 13.00 | 703.00 | 716.00 | OK |
Version: 0.9.0
Check: HTML version of manual
Result: NOTE
Found the following HTML validation problems:
dot-read_configuration.html:71:1 (dot-read_configuration.Rd:24): Warning: missing </ul> before </div>
summary.calibrar.results.html:59:1 (summary.calibrar.results.Rd:16): Warning: missing </ul> before </div>
Flavors: r-devel-linux-x86_64-debian-clang, r-devel-linux-x86_64-debian-gcc