Last updated on 2025-10-22 05:51:01 CEST.
Flavor | Version | Tinstall | Tcheck | Ttotal | Status | Flags |
---|---|---|---|---|---|---|
r-devel-linux-x86_64-debian-clang | 0.1.3 | 6.85 | 88.34 | 95.19 | NOTE | |
r-devel-linux-x86_64-debian-gcc | 0.1.3 | 4.54 | 64.27 | 68.81 | NOTE | |
r-devel-linux-x86_64-fedora-clang | 0.1.3 | 131.29 | OK | |||
r-devel-linux-x86_64-fedora-gcc | 0.1.3 | 13.00 | 143.16 | 156.16 | OK | |
r-devel-windows-x86_64 | 0.1.3 | 8.00 | 97.00 | 105.00 | OK | |
r-patched-linux-x86_64 | 0.1.3 | 7.24 | 84.27 | 91.51 | OK | |
r-release-linux-x86_64 | 0.1.3 | 6.46 | 83.40 | 89.86 | OK | |
r-release-macos-arm64 | 0.1.3 | 3.00 | 43.00 | 46.00 | OK | |
r-release-macos-x86_64 | 0.1.3 | 5.00 | 77.00 | 82.00 | OK | |
r-release-windows-x86_64 | 0.1.3 | 9.00 | 100.00 | 109.00 | OK | |
r-oldrel-macos-arm64 | 0.1.3 | 3.00 | 41.00 | 44.00 | OK | |
r-oldrel-macos-x86_64 | 0.1.3 | 5.00 | 68.00 | 73.00 | OK | |
r-oldrel-windows-x86_64 | 0.1.3 | 12.00 | 121.00 | 133.00 | OK |
Version: 0.1.3
Check: HTML version of manual
Result: NOTE
Found the following HTML validation problems:
reg.html:50:1 (reg.Rd:12): Warning: missing </ul> before </div>
Flavors: r-devel-linux-x86_64-debian-clang, r-devel-linux-x86_64-debian-gcc