Last updated on 2025-10-22 05:51:01 CEST.
Flavor | Version | Tinstall | Tcheck | Ttotal | Status | Flags |
---|---|---|---|---|---|---|
r-devel-linux-x86_64-debian-clang | 1.2.3 | 18.34 | 233.50 | 251.84 | NOTE | |
r-devel-linux-x86_64-debian-gcc | 1.2.3 | 13.09 | 160.71 | 173.80 | NOTE | |
r-devel-linux-x86_64-fedora-clang | 1.2.3 | 28.00 | 289.78 | 317.78 | OK | |
r-devel-linux-x86_64-fedora-gcc | 1.2.3 | 39.00 | 335.36 | 374.36 | OK | |
r-devel-windows-x86_64 | 1.2.3 | 22.00 | 232.00 | 254.00 | OK | |
r-patched-linux-x86_64 | 1.2.3 | 20.27 | 220.32 | 240.59 | OK | |
r-release-linux-x86_64 | 1.2.3 | 15.38 | 219.07 | 234.45 | OK | |
r-release-macos-arm64 | 1.2.3 | 7.00 | 87.00 | 94.00 | OK | |
r-release-macos-x86_64 | 1.2.3 | 14.00 | 203.00 | 217.00 | OK | |
r-release-windows-x86_64 | 1.2.3 | 26.00 | 233.00 | 259.00 | OK | |
r-oldrel-macos-arm64 | 1.2.3 | 9.00 | 107.00 | 116.00 | OK | |
r-oldrel-macos-x86_64 | 1.2.3 | 16.00 | 194.00 | 210.00 | OK | |
r-oldrel-windows-x86_64 | 1.2.3 | 29.00 | 298.00 | 327.00 | OK |
Version: 1.2.3
Check: HTML version of manual
Result: NOTE
Found the following HTML validation problems:
MainRecord.html:46:1 (MainRecord.Rd:10): Warning: missing </ul> before </div>
checkMatrixIsPositiveDefinite.html:50:1 (checkMatrixIsPositiveDefinite.Rd:12): Warning: missing </ul> before </div>
flagSampledParameterRows.html:60:1 (flagSampledParameterRows.Rd:17): Warning: missing </ul> before </div>
isMatrixPositiveDefinite.html:50:1 (isMatrixPositiveDefinite.Rd:12): Warning: missing </ul> before </div>
Flavors: r-devel-linux-x86_64-debian-clang, r-devel-linux-x86_64-debian-gcc