Last updated on 2025-10-24 04:50:47 CEST.
| Flavor | Version | Tinstall | Tcheck | Ttotal | Status | Flags |
|---|---|---|---|---|---|---|
| r-devel-linux-x86_64-debian-clang | 0.4.4 | 8.16 | 63.43 | 71.59 | NOTE | |
| r-devel-linux-x86_64-debian-gcc | 0.4.4 | 4.10 | 46.03 | 50.13 | OK | |
| r-devel-linux-x86_64-fedora-clang | 0.4.4 | 11.00 | 82.42 | 93.42 | OK | |
| r-devel-linux-x86_64-fedora-gcc | 0.4.4 | 16.00 | 101.42 | 117.42 | OK | |
| r-devel-windows-x86_64 | 0.4.4 | 9.00 | 81.00 | 90.00 | OK | |
| r-patched-linux-x86_64 | 0.4.4 | 8.22 | 57.80 | 66.02 | OK | |
| r-release-linux-x86_64 | 0.4.4 | 8.01 | 57.55 | 65.56 | OK | |
| r-release-macos-arm64 | 0.4.4 | 3.00 | 36.00 | 39.00 | OK | |
| r-release-macos-x86_64 | 0.4.4 | 7.00 | 68.00 | 75.00 | OK | |
| r-release-windows-x86_64 | 0.4.4 | 11.00 | 83.00 | 94.00 | OK | |
| r-oldrel-macos-arm64 | 0.4.4 | 3.00 | 42.00 | 45.00 | OK | |
| r-oldrel-macos-x86_64 | 0.4.4 | 7.00 | 73.00 | 80.00 | OK | |
| r-oldrel-windows-x86_64 | 0.4.4 | 13.00 | 95.00 | 108.00 | OK |
Version: 0.4.4
Check: HTML version of manual
Result: NOTE
Found the following HTML validation problems:
parse_metadata.html:50:1 (parse_metadata.Rd:12): Warning: missing </ul> before </div>
Flavor: r-devel-linux-x86_64-debian-clang