Last updated on 2025-10-22 05:51:02 CEST.
Flavor | Version | Tinstall | Tcheck | Ttotal | Status | Flags |
---|---|---|---|---|---|---|
r-devel-linux-x86_64-debian-clang | 2.2.1 | 79.42 | 83.90 | 163.32 | NOTE | |
r-devel-linux-x86_64-debian-gcc | 2.2.1 | 50.49 | 57.96 | 108.45 | NOTE | |
r-devel-linux-x86_64-fedora-clang | 2.2.1 | 97.00 | 147.20 | 244.20 | OK | |
r-devel-linux-x86_64-fedora-gcc | 2.2.1 | 148.00 | 112.14 | 260.14 | OK | |
r-devel-windows-x86_64 | 2.2.1 | 74.00 | 110.00 | 184.00 | OK | |
r-patched-linux-x86_64 | 2.2.1 | 70.81 | 77.20 | 148.01 | OK | |
r-release-linux-x86_64 | 2.2.1 | 71.17 | 76.55 | 147.72 | OK | |
r-release-macos-arm64 | 2.2.1 | 34.00 | 34.00 | 68.00 | OK | |
r-release-macos-x86_64 | 2.2.1 | 62.00 | 54.00 | 116.00 | OK | |
r-release-windows-x86_64 | 2.2.1 | 73.00 | 114.00 | 187.00 | OK | |
r-oldrel-macos-arm64 | 2.2.1 | 29.00 | 29.00 | 58.00 | NOTE | |
r-oldrel-macos-x86_64 | 2.2.1 | 42.00 | 46.00 | 88.00 | NOTE | |
r-oldrel-windows-x86_64 | 2.2.1 | 87.00 | 147.00 | 234.00 | OK |
Version: 2.2.1
Check: HTML version of manual
Result: NOTE
Found the following HTML validation problems:
pats.html:61:1 (pats.Rd:21): Warning: missing </ul> before </div>
Flavors: r-devel-linux-x86_64-debian-clang, r-devel-linux-x86_64-debian-gcc
Version: 2.2.1
Check: installed package size
Result: NOTE
installed size is 10.6Mb
sub-directories of 1Mb or more:
libs 10.2Mb
Flavors: r-oldrel-macos-arm64, r-oldrel-macos-x86_64