Last updated on 2025-10-24 04:50:47 CEST.
| Flavor | Version | Tinstall | Tcheck | Ttotal | Status | Flags |
|---|---|---|---|---|---|---|
| r-devel-linux-x86_64-debian-clang | 0.7.0 | 8.34 | 345.17 | 353.51 | NOTE | |
| r-devel-linux-x86_64-debian-gcc | 0.7.0 | 5.72 | 241.57 | 247.29 | OK | |
| r-devel-linux-x86_64-fedora-clang | 0.7.0 | 34.00 | 512.11 | 546.11 | OK | |
| r-devel-linux-x86_64-fedora-gcc | 0.7.0 | 19.00 | 508.28 | 527.28 | OK | |
| r-devel-windows-x86_64 | 0.7.0 | 11.00 | 213.00 | 224.00 | OK | |
| r-patched-linux-x86_64 | 0.7.0 | 10.45 | 326.68 | 337.13 | OK | |
| r-release-linux-x86_64 | 0.7.0 | 8.48 | 331.16 | 339.64 | OK | |
| r-release-macos-arm64 | 0.7.0 | 4.00 | 106.00 | 110.00 | OK | |
| r-release-macos-x86_64 | 0.7.0 | 7.00 | 220.00 | 227.00 | OK | |
| r-release-windows-x86_64 | 0.7.0 | 14.00 | 217.00 | 231.00 | OK | |
| r-oldrel-macos-arm64 | 0.7.0 | 5.00 | 108.00 | 113.00 | OK | |
| r-oldrel-macos-x86_64 | 0.7.0 | 9.00 | 259.00 | 268.00 | OK | |
| r-oldrel-windows-x86_64 | 0.7.0 | 16.00 | 324.00 | 340.00 | OK |
Version: 0.7.0
Check: HTML version of manual
Result: NOTE
Found the following HTML validation problems:
deprecated.html:95:1 (deprecated.Rd:41): Warning: missing </ul> before </div>
Flavor: r-devel-linux-x86_64-debian-clang