CRAN Package Check Results for Package care

Last updated on 2025-10-22 05:51:02 CEST.

Flavor Version Tinstall Tcheck Ttotal Status Flags
r-devel-linux-x86_64-debian-clang 1.1.11 1.83 22.14 23.97 NOTE
r-devel-linux-x86_64-debian-gcc 1.1.11 1.43 17.95 19.38 NOTE
r-devel-linux-x86_64-fedora-clang 1.1.11 36.37 OK
r-devel-linux-x86_64-fedora-gcc 1.1.11 33.39 OK
r-devel-windows-x86_64 1.1.11 3.00 41.00 44.00 OK
r-patched-linux-x86_64 1.1.11 2.05 21.06 23.11 OK
r-release-linux-x86_64 1.1.11 1.81 20.83 22.64 OK
r-release-macos-arm64 1.1.11 1.00 17.00 18.00 OK
r-release-macos-x86_64 1.1.11 2.00 24.00 26.00 OK
r-release-windows-x86_64 1.1.11 3.00 43.00 46.00 OK
r-oldrel-macos-arm64 1.1.11 1.00 21.00 22.00 OK
r-oldrel-macos-x86_64 1.1.11 2.00 22.00 24.00 OK
r-oldrel-windows-x86_64 1.1.11 3.00 45.00 48.00 OK

Check Details

Version: 1.1.11
Check: CRAN incoming feasibility
Result: NOTE Maintainer: ‘Korbinian Strimmer <strimmerlab@gmail.com>’ No Authors@R field in DESCRIPTION. Please add one, modifying Authors@R: c(person(given = "Verena", family = "Zuber", role = "aut"), person(given = "Korbinian", family = "Strimmer.", role = "aut"), person(given = "Korbinian", family = "Strimmer", role = "cre", email = "strimmerlab@gmail.com")) as necessary. Flavors: r-devel-linux-x86_64-debian-clang, r-devel-linux-x86_64-debian-gcc