Last updated on 2025-10-22 05:51:02 CEST.
Flavor | Version | Tinstall | Tcheck | Ttotal | Status | Flags |
---|---|---|---|---|---|---|
r-devel-linux-x86_64-debian-clang | 0.4 | 17.15 | 138.03 | 155.18 | NOTE | |
r-devel-linux-x86_64-debian-gcc | 0.4 | 11.31 | 102.17 | 113.48 | NOTE | |
r-devel-linux-x86_64-fedora-clang | 0.4 | 34.00 | 187.76 | 221.76 | OK | |
r-devel-linux-x86_64-fedora-gcc | 0.4 | 31.00 | 211.87 | 242.87 | OK | |
r-devel-windows-x86_64 | 0.4 | 18.00 | 168.00 | 186.00 | OK | |
r-patched-linux-x86_64 | 0.4 | 18.04 | 131.91 | 149.95 | OK | |
r-release-linux-x86_64 | 0.4 | 16.65 | 133.74 | 150.39 | OK | |
r-release-macos-arm64 | 0.4 | 8.00 | 72.00 | 80.00 | OK | |
r-release-macos-x86_64 | 0.4 | 16.00 | 174.00 | 190.00 | OK | |
r-release-windows-x86_64 | 0.4 | 19.00 | 167.00 | 186.00 | OK | |
r-oldrel-macos-arm64 | 0.4 | 7.00 | 65.00 | 72.00 | OK | |
r-oldrel-macos-x86_64 | 0.4 | 11.00 | 92.00 | 103.00 | OK | |
r-oldrel-windows-x86_64 | 0.4 | 24.00 | 209.00 | 233.00 | OK |
Version: 0.4
Check: HTML version of manual
Result: NOTE
Found the following HTML validation problems:
ChiSqrTest-methods.html:53:1 (ChiSqrTest-methods.Rd:17): Warning: missing </ul> before </div>
KSTest-methods.html:57:1 (KSTest-methods.Rd:19): Warning: missing </ul> before </div>
setEmpirical-methods.html:62:1 (setEmpirical-methods.Rd:23): Warning: missing </ul> before </div>
setParams-methods.html:61:1 (setParams-methods.Rd:23): Warning: missing </ul> before </div>
setRange-methods.html:57:1 (setRange-methods.Rd:19): Warning: missing </ul> before </div>
setRectangle-methods.html:75:1 (setRectangle-methods.Rd:29): Warning: missing </ul> before </div>
setStartDate-methods.html:57:1 (setStartDate-methods.Rd:19): Warning: missing </ul> before </div>
setTruncated-methods.html:57:1 (setTruncated-methods.Rd:19): Warning: missing </ul> before </div>
Flavors: r-devel-linux-x86_64-debian-clang, r-devel-linux-x86_64-debian-gcc