Last updated on 2025-07-22 08:48:27 CEST.
Flavor | Version | Tinstall | Tcheck | Ttotal | Status | Flags |
---|---|---|---|---|---|---|
r-devel-linux-x86_64-debian-clang | 1.5.0 | 109.80 | 129.23 | 239.03 | NOTE | |
r-devel-linux-x86_64-debian-gcc | 1.5.0 | 74.40 | 90.12 | 164.52 | NOTE | |
r-devel-linux-x86_64-fedora-clang | 1.5.0 | 451.59 | NOTE | |||
r-devel-linux-x86_64-fedora-gcc | 1.5.0 | 391.63 | NOTE | |||
r-devel-windows-x86_64 | 1.5.0 | 152.00 | 158.00 | 310.00 | NOTE | |
r-patched-linux-x86_64 | 1.5.0 | 107.25 | 121.02 | 228.27 | NOTE | |
r-release-linux-x86_64 | 1.5.0 | 103.36 | 120.51 | 223.87 | NOTE | |
r-release-macos-arm64 | 1.5.0 | 114.00 | NOTE | |||
r-release-macos-x86_64 | 1.5.0 | 143.00 | NOTE | |||
r-release-windows-x86_64 | 1.5.0 | 148.00 | 157.00 | 305.00 | NOTE | |
r-oldrel-macos-arm64 | 1.5.0 | 58.00 | NOTE | |||
r-oldrel-macos-x86_64 | 1.5.0 | 80.00 | NOTE | |||
r-oldrel-windows-x86_64 | 1.5.0 | 175.00 | 200.00 | 375.00 | NOTE |
Version: 1.5.0
Check: C++ specification
Result: NOTE
Specified C++11: please drop specification unless essential
Flavors: r-devel-linux-x86_64-debian-clang, r-devel-linux-x86_64-debian-gcc, r-devel-linux-x86_64-fedora-clang, r-devel-linux-x86_64-fedora-gcc, r-devel-windows-x86_64, r-patched-linux-x86_64, r-release-linux-x86_64, r-release-macos-arm64, r-release-macos-x86_64, r-release-windows-x86_64, r-oldrel-macos-arm64, r-oldrel-macos-x86_64, r-oldrel-windows-x86_64
Version: 1.5.0
Check: installed package size
Result: NOTE
installed size is 7.1Mb
sub-directories of 1Mb or more:
libs 6.2Mb
Flavors: r-oldrel-macos-arm64, r-oldrel-macos-x86_64
Version: 1.5.0
Check: for GNU extensions in Makefiles
Result: NOTE
GNU make is a SystemRequirements.
Flavors: r-oldrel-macos-arm64, r-oldrel-macos-x86_64, r-oldrel-windows-x86_64