Last updated on 2025-10-24 04:50:47 CEST.
| Flavor | Version | Tinstall | Tcheck | Ttotal | Status | Flags |
|---|---|---|---|---|---|---|
| r-devel-linux-x86_64-debian-clang | 1.3.7 | 11.16 | 36.53 | 47.69 | NOTE | |
| r-devel-linux-x86_64-debian-gcc | 1.3.7 | 7.99 | 26.81 | 34.80 | NOTE | |
| r-devel-linux-x86_64-fedora-clang | 1.3.7 | 15.00 | 56.41 | 71.41 | OK | |
| r-devel-linux-x86_64-fedora-gcc | 1.3.7 | 28.00 | 47.55 | 75.55 | OK | |
| r-devel-windows-x86_64 | 1.3.7 | 12.00 | 52.00 | 64.00 | OK | |
| r-patched-linux-x86_64 | 1.3.7 | 10.74 | 34.76 | 45.50 | OK | |
| r-release-linux-x86_64 | 1.3.7 | 10.84 | 34.56 | 45.40 | OK | |
| r-release-macos-arm64 | 1.3.7 | 7.00 | 20.00 | 27.00 | OK | |
| r-release-macos-x86_64 | 1.3.7 | 17.00 | 38.00 | 55.00 | OK | |
| r-release-windows-x86_64 | 1.3.7 | 12.00 | 58.00 | 70.00 | OK | |
| r-oldrel-macos-arm64 | 1.3.7 | 6.00 | 23.00 | 29.00 | OK | |
| r-oldrel-macos-x86_64 | 1.3.7 | 9.00 | 29.00 | 38.00 | OK | |
| r-oldrel-windows-x86_64 | 1.3.7 | 14.00 | 53.00 | 67.00 | OK |
Version: 1.3.7
Check: CRAN incoming feasibility
Result: NOTE
Maintainer: ‘Masami Saga <msaga@mtb.biglobe.ne.jp>’
No Authors@R field in DESCRIPTION.
Please add one, modifying
Authors@R: c(person(given = c("The", "Institute", "of", "Statistical"),
family = "Mathematics",
role = "aut"),
person(given = "Masami",
family = "Saga",
role = "cre",
email = "msaga@mtb.biglobe.ne.jp"))
as necessary.
Flavors: r-devel-linux-x86_64-debian-clang, r-devel-linux-x86_64-debian-gcc
Version: 1.3.7
Check: Rd files
Result: NOTE
checkRd: (-1) MissingHealthData.Rd:20-29: Only 4 columns allowed in this table (row 1 has 3)
Flavor: r-devel-linux-x86_64-debian-gcc