CRAN Package Check Results for Package ccTensor

Last updated on 2025-10-22 05:51:02 CEST.

Flavor Version Tinstall Tcheck Ttotal Status Flags
r-devel-linux-x86_64-debian-clang 1.0.3 3.35 39.54 42.89 OK
r-devel-linux-x86_64-debian-gcc 1.0.3 2.34 31.70 34.04 OK
r-devel-linux-x86_64-fedora-clang 1.0.3 49.10 NOTE
r-devel-linux-x86_64-fedora-gcc 1.0.3 15.00 52.75 67.75 NOTE
r-devel-windows-x86_64 1.0.3 5.00 54.00 59.00 OK
r-patched-linux-x86_64 1.0.3 3.28 37.78 41.06 OK
r-release-linux-x86_64 1.0.3 3.11 37.58 40.69 OK
r-release-macos-arm64 1.0.3 2.00 24.00 26.00 OK
r-release-macos-x86_64 1.0.3 4.00 37.00 41.00 OK
r-release-windows-x86_64 1.0.3 6.00 53.00 59.00 OK
r-oldrel-macos-arm64 1.0.3 2.00 27.00 29.00 OK
r-oldrel-macos-x86_64 1.0.3 3.00 52.00 55.00 OK
r-oldrel-windows-x86_64 1.0.3 6.00 63.00 69.00 OK

Check Details

Version: 1.0.3
Check: dependencies in R code
Result: NOTE Namespace in Imports field not imported from: ‘fields’ All declared Imports should be used. Flavors: r-devel-linux-x86_64-fedora-clang, r-devel-linux-x86_64-fedora-gcc