CRAN Package Check Results for Package cepR

Last updated on 2025-07-22 08:48:27 CEST.

Flavor Version Tinstall Tcheck Ttotal Status Flags
r-devel-linux-x86_64-debian-clang 0.1.2 4.01 32.36 36.37 OK
r-devel-linux-x86_64-debian-gcc 0.1.2 2.73 24.41 27.14 OK
r-devel-linux-x86_64-fedora-clang 0.1.2 55.36 OK
r-devel-linux-x86_64-fedora-gcc 0.1.2 52.17 OK
r-devel-windows-x86_64 0.1.2 5.00 55.00 60.00 OK
r-patched-linux-x86_64 0.1.2 3.23 29.65 32.88 OK
r-release-linux-x86_64 0.1.2 3.39 29.98 33.37 OK
r-release-macos-arm64 0.1.2 22.00 OK
r-release-macos-x86_64 0.1.2 31.00 OK
r-release-windows-x86_64 0.1.2 6.00 50.00 56.00 OK
r-oldrel-macos-arm64 0.1.2 20.00 NOTE
r-oldrel-macos-x86_64 0.1.2 29.00 NOTE
r-oldrel-windows-x86_64 0.1.2 7.00 61.00 68.00 NOTE

Check Details

Version: 0.1.2
Check: LazyData
Result: NOTE 'LazyData' is specified without a 'data' directory Flavors: r-oldrel-macos-arm64, r-oldrel-macos-x86_64, r-oldrel-windows-x86_64