Last updated on 2025-07-21 08:49:59 CEST.
Flavor | Version | Tinstall | Tcheck | Ttotal | Status | Flags |
---|---|---|---|---|---|---|
r-devel-linux-x86_64-debian-clang | 2.1.0 | 6.80 | 161.13 | 167.93 | NOTE | |
r-devel-linux-x86_64-debian-gcc | 2.1.0 | 5.02 | 110.84 | 115.86 | NOTE | |
r-devel-linux-x86_64-fedora-clang | 2.1.0 | 259.58 | NOTE | |||
r-devel-linux-x86_64-fedora-gcc | 2.1.0 | 264.48 | NOTE | |||
r-devel-windows-x86_64 | 2.1.0 | 7.00 | 145.00 | 152.00 | NOTE | |
r-patched-linux-x86_64 | 2.1.0 | 6.92 | 152.51 | 159.43 | NOTE | |
r-release-linux-x86_64 | 2.1.0 | 6.38 | 153.63 | 160.01 | NOTE | |
r-release-macos-arm64 | 2.1.0 | 75.00 | NOTE | |||
r-release-macos-x86_64 | 2.1.0 | 173.00 | NOTE | |||
r-release-windows-x86_64 | 2.1.0 | 8.00 | 149.00 | 157.00 | NOTE | |
r-oldrel-macos-arm64 | 2.1.0 | 65.00 | OK | |||
r-oldrel-macos-x86_64 | 2.1.0 | 153.00 | OK | |||
r-oldrel-windows-x86_64 | 2.1.0 | 10.00 | 222.00 | 232.00 | OK |
Version: 2.1.0
Check: DESCRIPTION meta-information
Result: NOTE
Missing dependency on R >= 4.1.0 because package code uses the pipe
|> or function shorthand \(...) syntax added in R 4.1.0.
File(s) using such syntax:
‘ce-hg.R’ ‘ce-mean.R’ ‘ce-prepdata.R’ ‘ce-quantiles.R’ ‘ce-uccs.R’
‘get-survey-files.R’ ‘read-expd.R’ ‘read-fmld.R’ ‘read-fmli.R’
‘read-mtbi.R’ ‘recode-ce-variables.R’
Flavors: r-devel-linux-x86_64-debian-clang, r-devel-linux-x86_64-debian-gcc, r-devel-linux-x86_64-fedora-clang, r-devel-linux-x86_64-fedora-gcc, r-devel-windows-x86_64, r-patched-linux-x86_64, r-release-linux-x86_64, r-release-macos-arm64, r-release-macos-x86_64, r-release-windows-x86_64