Last updated on 2025-10-22 05:51:02 CEST.
Flavor | Version | Tinstall | Tcheck | Ttotal | Status | Flags |
---|---|---|---|---|---|---|
r-devel-linux-x86_64-debian-clang | 0.2.9 | 8.15 | 50.45 | 58.60 | NOTE | |
r-devel-linux-x86_64-debian-gcc | 0.2.9 | 4.89 | 39.26 | 44.15 | NOTE | |
r-devel-linux-x86_64-fedora-clang | 0.2.9 | 62.02 | OK | |||
r-devel-linux-x86_64-fedora-gcc | 0.2.9 | 16.00 | 65.51 | 81.51 | OK | |
r-devel-windows-x86_64 | 0.2.9 | 9.00 | 69.00 | 78.00 | OK | |
r-patched-linux-x86_64 | 0.2.9 | 8.17 | 46.48 | 54.65 | OK | |
r-release-linux-x86_64 | 0.2.9 | 6.85 | 46.12 | 52.97 | OK | |
r-release-macos-arm64 | 0.2.9 | 6.00 | 33.00 | 39.00 | OK | |
r-release-macos-x86_64 | 0.2.9 | 10.00 | 60.00 | 70.00 | OK | |
r-release-windows-x86_64 | 0.2.9 | 12.00 | 71.00 | 83.00 | OK | |
r-oldrel-macos-arm64 | 0.2.9 | 4.00 | 31.00 | 35.00 | OK | |
r-oldrel-macos-x86_64 | 0.2.9 | 10.00 | 63.00 | 73.00 | OK | |
r-oldrel-windows-x86_64 | 0.2.9 | 14.00 | 84.00 | 98.00 | OK |
Version: 0.2.9
Check: HTML version of manual
Result: NOTE
Found the following HTML validation problems:
check_design.html:160:1 (check_design.Rd:118): Warning: <h5> anchor "Usage" already defined
check_design.html:176:1 (check_design.Rd:128): Warning: <h5> anchor "Usage" already defined
check_design.html:194:1 (check_design.Rd:140): Warning: <h5> anchor "Usage" already defined
check_design.html:210:1 (check_design.Rd:150): Warning: <h5> anchor "Usage" already defined
check_design.html:216:1 (check_design.Rd:154): Warning: <h5> anchor "Returns" already defined
check_design.html:234:1 (check_design.Rd:164): Warning: <h5> anchor "Usage" already defined
check_design.html:240:1 (check_design.Rd:168): Warning: <h5> anchor "Returns" already defined
check_design.html:260:1 (check_design.Rd:180): Warning: <h5> anchor "Usage" already defined
check_design.html:276:1 (check_design.Rd:190): Warning: <h5> anchor "Usage" already defined
check_design.html:282:1 (check_design.Rd:194): Warning: <h5> anchor "Arguments" already defined
cli.html:68:1 (cli.Rd:29): Warning: missing </ul> before </div>
package_spec.html:78:1 (package_spec.Rd:33): Warning: missing </ul> before </div>
reporters-internal.html:72:1 (reporters-internal.Rd:33): Warning: missing </ul> before </div>
reporters.html:72:1 (reporters.Rd:40): Warning: missing </ul> before </div>
run.html:60:1 (run.Rd:17): Warning: missing </ul> before </div>
task_graph_neighborhoods.html:51:1 (task_graph_neighborhoods.Rd:13): Warning: missing </ul> before </div>
Flavors: r-devel-linux-x86_64-debian-clang, r-devel-linux-x86_64-debian-gcc