Last updated on 2025-10-22 05:51:02 CEST.
Flavor | Version | Tinstall | Tcheck | Ttotal | Status | Flags |
---|---|---|---|---|---|---|
r-devel-linux-x86_64-debian-clang | 1.0.1 | 6.00 | 73.28 | 79.28 | NOTE | |
r-devel-linux-x86_64-debian-gcc | 1.0.1 | 4.46 | 56.56 | 61.02 | NOTE | |
r-devel-linux-x86_64-fedora-clang | 1.0.1 | 15.00 | 85.72 | 100.72 | OK | |
r-devel-linux-x86_64-fedora-gcc | 1.0.1 | 13.00 | 117.97 | 130.97 | OK | |
r-devel-windows-x86_64 | 1.0.1 | 8.00 | 108.00 | 116.00 | OK | |
r-patched-linux-x86_64 | 1.0.1 | 6.20 | 69.06 | 75.26 | OK | |
r-release-linux-x86_64 | 1.0.1 | 6.32 | 69.43 | 75.75 | OK | |
r-release-macos-arm64 | 1.0.1 | 3.00 | 52.00 | 55.00 | OK | |
r-release-macos-x86_64 | 1.0.1 | 6.00 | 100.00 | 106.00 | OK | |
r-release-windows-x86_64 | 1.0.1 | 9.00 | 137.00 | 146.00 | OK | |
r-oldrel-macos-arm64 | 1.0.1 | 3.00 | 42.00 | 45.00 | NOTE | |
r-oldrel-macos-x86_64 | 1.0.1 | 4.00 | 60.00 | 64.00 | NOTE | |
r-oldrel-windows-x86_64 | 1.0.1 | 9.00 | 109.00 | 118.00 | NOTE |
Version: 1.0.1
Check: HTML version of manual
Result: NOTE
Found the following HTML validation problems:
install_chess.html:56:1 (install_chess.Rd:14): Warning: missing </ul> before </div>
plot.chess.pgn.GameNode.html:51:1 (plot.chess.pgn.GameNode.Rd:12): Warning: missing </ul> before </div>
print.chess.Board.html:64:1 (print.chess.Board.Rd:19): Warning: missing </ul> before </div>
print.chess.pgn.GameNode.html:64:1 (print.chess.pgn.GameNode.Rd:19): Warning: missing </ul> before </div>
print.chess.pgn.Variations.html:64:1 (print.chess.pgn.Variations.Rd:19): Warning: missing </ul> before </div>
write_game.html:50:1 (write_game.Rd:12): Warning: missing </ul> before </div>
write_svg.html:50:1 (write_svg.Rd:12): Warning: missing </ul> before </div>
Flavors: r-devel-linux-x86_64-debian-clang, r-devel-linux-x86_64-debian-gcc
Version: 1.0.1
Check: LazyData
Result: NOTE
'LazyData' is specified without a 'data' directory
Flavors: r-oldrel-macos-arm64, r-oldrel-macos-x86_64, r-oldrel-windows-x86_64