Last updated on 2025-10-22 05:51:02 CEST.
Flavor | Version | Tinstall | Tcheck | Ttotal | Status | Flags |
---|---|---|---|---|---|---|
r-devel-linux-x86_64-debian-clang | 0.1.8 | 9.00 | 529.28 | 538.28 | NOTE | |
r-devel-linux-x86_64-debian-gcc | 0.1.8 | 7.47 | 515.24 | 522.71 | NOTE | |
r-devel-linux-x86_64-fedora-clang | 0.1.8 | 66.00 | 699.14 | 765.14 | NOTE | |
r-devel-linux-x86_64-fedora-gcc | 0.1.8 | 68.00 | 691.09 | 759.09 | NOTE | |
r-devel-windows-x86_64 | 0.1.8 | 13.00 | 490.00 | 503.00 | OK | |
r-patched-linux-x86_64 | 0.1.8 | 9.21 | 514.62 | 523.83 | OK | |
r-release-linux-x86_64 | 0.1.8 | 8.83 | 517.82 | 526.65 | OK | |
r-release-macos-arm64 | 0.1.8 | 5.00 | 343.00 | 348.00 | OK | |
r-release-macos-x86_64 | 0.1.8 | 9.00 | 596.00 | 605.00 | OK | |
r-release-windows-x86_64 | 0.1.8 | 13.00 | 501.00 | 514.00 | OK | |
r-oldrel-macos-arm64 | 0.1.8 | 5.00 | 284.00 | 289.00 | NOTE | |
r-oldrel-macos-x86_64 | 0.1.8 | 7.00 | 351.00 | 358.00 | NOTE | |
r-oldrel-windows-x86_64 | 0.1.8 | 17.00 | 633.00 | 650.00 | NOTE |
Version: 0.1.8
Check: HTML version of manual
Result: NOTE
Found the following HTML validation problems:
stratified.enrichment.sample.html:50:1 (stratified.enrichment.sample.Rd:12): Warning: missing </ul> before </div>
Flavors: r-devel-linux-x86_64-debian-clang, r-devel-linux-x86_64-debian-gcc
Version: 0.1.8
Check: dependencies in R code
Result: NOTE
Namespaces in Imports field not imported from:
'knitr' 'rmarkdown'
All declared Imports should be used.
Flavors: r-devel-linux-x86_64-fedora-clang, r-devel-linux-x86_64-fedora-gcc
Version: 0.1.8
Check: package dependencies
Result: NOTE
Package suggested but not available for checking: ‘countreg’
Flavors: r-oldrel-macos-arm64, r-oldrel-macos-x86_64, r-oldrel-windows-x86_64